Last updated on 2025-11-04 05:51:10 CET.
| Flavor | Version | Tinstall | Tcheck | Ttotal | Status | Flags | 
|---|---|---|---|---|---|---|
| r-devel-linux-x86_64-debian-clang | 1.3 | 1.67 | 23.70 | 25.37 | NOTE | |
| r-devel-linux-x86_64-debian-gcc | 1.3 | 1.48 | 19.60 | 21.08 | NOTE | |
| r-devel-linux-x86_64-fedora-clang | 1.3 | 36.42 | OK | |||
| r-devel-linux-x86_64-fedora-gcc | 1.3 | 34.99 | OK | |||
| r-devel-windows-x86_64 | 1.3 | 3.00 | 47.00 | 50.00 | OK | |
| r-patched-linux-x86_64 | 1.3 | 1.84 | 23.18 | 25.02 | OK | |
| r-release-linux-x86_64 | 1.3 | 1.52 | 23.14 | 24.66 | OK | |
| r-release-macos-arm64 | 1.3 | 1.00 | 16.00 | 17.00 | OK | |
| r-release-macos-x86_64 | 1.3 | 2.00 | 26.00 | 28.00 | OK | |
| r-release-windows-x86_64 | 1.3 | 2.00 | 47.00 | 49.00 | OK | |
| r-oldrel-macos-arm64 | 1.3 | 1.00 | 15.00 | 16.00 | OK | |
| r-oldrel-macos-x86_64 | 1.3 | 2.00 | 23.00 | 25.00 | OK | |
| r-oldrel-windows-x86_64 | 1.3 | 3.00 | 49.00 | 52.00 | OK | 
Version: 1.3
Check: CRAN incoming feasibility
Result: NOTE
  Maintainer: ‘Jim Lemon <drjimlemon@gmail.com>’
  
  No Authors@R field in DESCRIPTION.
  Please add one, modifying
    Authors@R: c(person(given = "Jim",
                        family = "Lemon,",
                        role = "aut",
                        email = "drjimlemon@gmail.com"),
                 person(given = "Jim",
                        family = "Lemon",
                        role = "cre",
                        email = "drjimlemon@gmail.com"))
  as necessary.
Flavors: r-devel-linux-x86_64-debian-clang, r-devel-linux-x86_64-debian-gcc