Last updated on 2024-06-29 12:48:15 CEST.
Flavor | Version | Tinstall | Tcheck | Ttotal | Status | Flags |
---|---|---|---|---|---|---|
r-devel-linux-x86_64-debian-clang | 0.3.2 | 3.10 | 67.09 | 70.19 | NOTE | |
r-devel-linux-x86_64-debian-gcc | 0.3.2 | 2.48 | 48.99 | 51.47 | NOTE | |
r-devel-linux-x86_64-fedora-clang | 0.3.2 | 92.81 | NOTE | |||
r-devel-linux-x86_64-fedora-gcc | 0.3.2 | 87.94 | NOTE | |||
r-devel-windows-x86_64 | 0.3.2 | 9.00 | 81.00 | 90.00 | NOTE | |
r-patched-linux-x86_64 | 0.3.2 | 3.23 | 66.61 | 69.84 | NOTE | |
r-release-linux-x86_64 | 0.3.2 | 3.23 | 66.73 | 69.96 | NOTE | |
r-release-macos-arm64 | 0.3.2 | 34.00 | NOTE | |||
r-release-macos-x86_64 | 0.3.2 | 51.00 | NOTE | |||
r-release-windows-x86_64 | 0.3.2 | 8.00 | 84.00 | 92.00 | NOTE | |
r-oldrel-macos-arm64 | 0.3.2 | 34.00 | NOTE | |||
r-oldrel-macos-x86_64 | 0.3.2 | 50.00 | NOTE | |||
r-oldrel-windows-x86_64 | 0.3.2 | 10.00 | 97.00 | 107.00 | NOTE |
Version: 0.3.2
Check: LazyData
Result: NOTE
'LazyData' is specified without a 'data' directory
Flavors: r-devel-linux-x86_64-debian-clang, r-devel-linux-x86_64-debian-gcc, r-devel-linux-x86_64-fedora-clang, r-devel-linux-x86_64-fedora-gcc, r-devel-windows-x86_64, r-patched-linux-x86_64, r-release-linux-x86_64, r-release-macos-arm64, r-release-macos-x86_64, r-release-windows-x86_64, r-oldrel-macos-arm64, r-oldrel-macos-x86_64, r-oldrel-windows-x86_64
Version: 0.3.2
Check: installed package size
Result: NOTE
installed size is 14.2Mb
sub-directories of 1Mb or more:
exiftool 14.1Mb
Flavors: r-devel-windows-x86_64, r-release-macos-arm64, r-release-macos-x86_64, r-release-windows-x86_64, r-oldrel-macos-arm64, r-oldrel-macos-x86_64, r-oldrel-windows-x86_64