Last updated on 2025-05-29 12:48:35 CEST.
Flavor | Version | Tinstall | Tcheck | Ttotal | Status | Flags |
---|---|---|---|---|---|---|
r-devel-linux-x86_64-debian-clang | 0.1 | 1.51 | 30.08 | 31.59 | OK | |
r-devel-linux-x86_64-debian-gcc | 0.1 | 1.32 | 23.23 | 24.55 | OK | |
r-devel-linux-x86_64-fedora-clang | 0.1 | 50.68 | OK | |||
r-devel-linux-x86_64-fedora-gcc | 0.1 | 63.27 | OK | |||
r-devel-windows-x86_64 | 0.1 | 4.00 | 51.00 | 55.00 | OK | |
r-patched-linux-x86_64 | 0.1 | 1.80 | 28.59 | 30.39 | OK | |
r-release-linux-x86_64 | 0.1 | 1.44 | 28.84 | 30.28 | OK | |
r-release-macos-arm64 | 0.1 | 33.00 | OK | |||
r-release-macos-x86_64 | 0.1 | 45.00 | OK | |||
r-release-windows-x86_64 | 0.1 | 3.00 | 50.00 | 53.00 | OK | |
r-oldrel-macos-arm64 | 0.1 | 25.00 | NOTE | |||
r-oldrel-macos-x86_64 | 0.1 | 37.00 | NOTE | |||
r-oldrel-windows-x86_64 | 0.1 | 3.00 | 57.00 | 60.00 | NOTE |
Version: 0.1
Check: LazyData
Result: NOTE
'LazyData' is specified without a 'data' directory
Flavors: r-oldrel-macos-arm64, r-oldrel-macos-x86_64, r-oldrel-windows-x86_64