CRAN Package Check Results for Package exploreR

Last updated on 2025-07-13 00:48:25 CEST.

Flavor Version Tinstall Tcheck Ttotal Status Flags
r-devel-linux-x86_64-debian-clang 0.1 1.72 30.73 32.45 OK
r-devel-linux-x86_64-debian-gcc 0.1 1.55 24.11 25.66 OK
r-devel-linux-x86_64-fedora-clang 0.1 50.71 OK
r-devel-linux-x86_64-fedora-gcc 0.1 62.63 OK
r-devel-windows-x86_64 0.1 3.00 50.00 53.00 OK
r-patched-linux-x86_64 0.1 1.85 28.81 30.66 OK
r-release-linux-x86_64 0.1 1.52 28.65 30.17 OK
r-release-macos-arm64 0.1 33.00 OK
r-release-macos-x86_64 0.1 45.00 OK
r-release-windows-x86_64 0.1 3.00 56.00 59.00 OK
r-oldrel-macos-arm64 0.1 25.00 NOTE
r-oldrel-macos-x86_64 0.1 37.00 NOTE
r-oldrel-windows-x86_64 0.1 4.00 57.00 61.00 NOTE

Check Details

Version: 0.1
Check: LazyData
Result: NOTE 'LazyData' is specified without a 'data' directory Flavors: r-oldrel-macos-arm64, r-oldrel-macos-x86_64, r-oldrel-windows-x86_64

mirror server hosted at Truenetwork, Russian Federation.