Last updated on 2025-11-04 11:52:30 CET.
| Flavor | Version | Tinstall | Tcheck | Ttotal | Status | Flags | 
|---|---|---|---|---|---|---|
| r-devel-linux-x86_64-debian-clang | 0.1.0 | 3.68 | 23.78 | 27.46 | NOTE | |
| r-devel-linux-x86_64-debian-gcc | 0.1.0 | 2.66 | 19.55 | 22.21 | NOTE | |
| r-devel-linux-x86_64-fedora-clang | 0.1.0 | 37.69 | NOTE | |||
| r-devel-linux-x86_64-fedora-gcc | 0.1.0 | 36.83 | NOTE | |||
| r-devel-windows-x86_64 | 0.1.0 | 7.00 | 42.00 | 49.00 | OK | |
| r-patched-linux-x86_64 | 0.1.0 | 3.94 | 21.22 | 25.16 | OK | |
| r-release-linux-x86_64 | 0.1.0 | 3.80 | 21.24 | 25.04 | OK | |
| r-release-macos-arm64 | 0.1.0 | 3.00 | 17.00 | 20.00 | OK | |
| r-release-macos-x86_64 | 0.1.0 | 5.00 | 26.00 | 31.00 | OK | |
| r-release-windows-x86_64 | 0.1.0 | 7.00 | 40.00 | 47.00 | OK | |
| r-oldrel-macos-arm64 | 0.1.0 | 2.00 | 16.00 | 18.00 | OK | |
| r-oldrel-macos-x86_64 | 0.1.0 | 4.00 | 21.00 | 25.00 | OK | |
| r-oldrel-windows-x86_64 | 0.1.0 | 8.00 | 49.00 | 57.00 | OK | 
Version: 0.1.0
Check: CRAN incoming feasibility
Result: NOTE
  Maintainer: ‘Tjebo Heeren <tjebo@gmx.de>’
  
  Found the following URLs which should use \doi (with the DOI name only):
    File ‘amd.Rd’:
      https://doi.org/10.5061/dryad.nvx0k6dqg
      https://doi.org/10.1001/jamaophthalmol.2020.5044
    File ‘amd2.Rd’:
      https://doi.org/10.5061/dryad.97r9289
      https://doi.org/10.1136/bmjopen-2018-027441
    File ‘amd3.Rd’:
      https://doi.org/10.5061/dryad.9cnp5hqfm
      https://doi.org/10.1136/bjophthalmol-2020-317161
    File ‘amdoct.Rd’:
      https://doi.org/10.1038/s41591-018-0107-6
      https://doi.org/10.1038/s41591-020-0867-7
      https://doi.org/10.5061/dryad.2rbnzs7m4
      https://doi.org/10.1016/j.ophtha.2020.09.025
    File ‘dme.Rd’:
      https://doi.org/10.5061/dryad.pzgmsbcfw
      https://doi.org/10.1038/s41433-020-1048-0
Flavors: r-devel-linux-x86_64-debian-clang, r-devel-linux-x86_64-debian-gcc
Version: 0.1.0
Check: dependencies in R code
Result: NOTE
  Namespace in Imports field not imported from: ‘dplyr’
    All declared Imports should be used.
Flavors: r-devel-linux-x86_64-fedora-clang, r-devel-linux-x86_64-fedora-gcc