Last updated on 2025-02-22 05:51:35 CET.
Flavor | Version | Tinstall | Tcheck | Ttotal | Status | Flags |
---|---|---|---|---|---|---|
r-devel-linux-x86_64-debian-clang | 1.0.1 | 5.12 | 50.98 | 56.10 | NOTE | |
r-devel-linux-x86_64-debian-gcc | 1.0.1 | 3.73 | 35.56 | 39.29 | NOTE | |
r-devel-linux-x86_64-fedora-clang | 1.0.1 | 90.16 | OK | |||
r-devel-linux-x86_64-fedora-gcc | 1.0.1 | 82.82 | OK | |||
r-devel-macos-arm64 | 1.0.1 | 28.00 | OK | |||
r-devel-macos-x86_64 | 1.0.1 | 53.00 | OK | |||
r-devel-windows-x86_64 | 1.0.1 | 7.00 | 65.00 | 72.00 | NOTE | |
r-patched-linux-x86_64 | 1.0.1 | 4.31 | 46.74 | 51.05 | NOTE | |
r-release-linux-x86_64 | 1.0.1 | 4.83 | 46.35 | 51.18 | NOTE | |
r-release-macos-arm64 | 1.0.1 | 27.00 | NOTE | |||
r-release-macos-x86_64 | 1.0.1 | 41.00 | NOTE | |||
r-release-windows-x86_64 | 1.0.1 | 7.00 | 64.00 | 71.00 | NOTE | |
r-oldrel-macos-arm64 | 1.0.1 | 28.00 | NOTE | |||
r-oldrel-macos-x86_64 | 1.0.1 | 43.00 | NOTE | |||
r-oldrel-windows-x86_64 | 1.0.1 | 8.00 | 74.00 | 82.00 | NOTE |
Version: 1.0.1
Check: Rd cross-references
Result: NOTE
Found the following Rd file(s) with Rd \link{} targets missing package
anchors:
ezCutoffs.Rd: boot
Please provide package anchors for all Rd \link{} targets not in the
package itself and the base packages.
Flavors: r-devel-linux-x86_64-debian-clang, r-devel-linux-x86_64-debian-gcc, r-devel-windows-x86_64
Version: 1.0.1
Check: LazyData
Result: NOTE
'LazyData' is specified without a 'data' directory
Flavors: r-patched-linux-x86_64, r-release-linux-x86_64, r-release-macos-arm64, r-release-macos-x86_64, r-release-windows-x86_64, r-oldrel-macos-arm64, r-oldrel-macos-x86_64, r-oldrel-windows-x86_64