Last updated on 2025-11-22 05:48:35 CET.
| Flavor | Version | Tinstall | Tcheck | Ttotal | Status | Flags |
|---|---|---|---|---|---|---|
| r-devel-linux-x86_64-debian-clang | 0.6.5 | 9.58 | 86.32 | 95.90 | NOTE | |
| r-devel-linux-x86_64-debian-gcc | 0.6.5 | 8.61 | 71.59 | 80.20 | NOTE | |
| r-devel-linux-x86_64-fedora-clang | 0.6.5 | 26.00 | 126.70 | 152.70 | OK | |
| r-devel-linux-x86_64-fedora-gcc | 0.6.5 | 21.00 | 121.05 | 142.05 | OK | |
| r-devel-windows-x86_64 | 0.6.5 | 14.00 | 94.00 | 108.00 | OK | |
| r-patched-linux-x86_64 | 0.6.5 | 8.67 | 76.70 | 85.37 | OK | |
| r-release-linux-x86_64 | 0.6.5 | 9.21 | 76.34 | 85.55 | OK | |
| r-release-macos-arm64 | 0.6.5 | OK | ||||
| r-release-macos-x86_64 | 0.6.5 | 14.00 | 77.00 | 91.00 | OK | |
| r-release-windows-x86_64 | 0.6.5 | 12.00 | 86.00 | 98.00 | OK | |
| r-oldrel-macos-arm64 | 0.6.5 | OK | ||||
| r-oldrel-macos-x86_64 | 0.6.5 | 8.00 | 54.00 | 62.00 | OK | |
| r-oldrel-windows-x86_64 | 0.6.5 | 16.00 | 104.00 | 120.00 | OK |
Version: 0.6.5
Check: CRAN incoming feasibility
Result: NOTE
Maintainer: ‘Felix Schönbrodt <felix@nicebread.de>’
No Authors@R field in DESCRIPTION.
Please add one, modifying
Authors@R: c(person(given = "Felix",
family = "Schönbrodt",
role = c("aut", "cre"),
email = "felix@nicebread.de"),
person(given = "Lara",
family = "Stas",
role = "aut"),
person(given = "Tom",
family = "Loeys",
role = "aut"))
as necessary.
Package CITATION file contains call(s) to old-style personList() or
as.personList(). Please use c() on person objects instead.
Package CITATION file contains call(s) to old-style citEntry(). Please
use bibentry() instead.
Flavors: r-devel-linux-x86_64-debian-clang, r-devel-linux-x86_64-debian-gcc