CRAN Package Check Results for Package fakir

Last updated on 2025-07-10 06:50:19 CEST.

Flavor Version Tinstall Tcheck Ttotal Status Flags
r-devel-linux-x86_64-debian-clang 1.0.0 6.67 71.85 78.52 NOTE
r-devel-linux-x86_64-debian-gcc 1.0.0 4.34 52.59 56.93 NOTE
r-devel-linux-x86_64-fedora-clang 1.0.0 118.28 NOTE
r-devel-linux-x86_64-fedora-gcc 1.0.0 128.64 NOTE
r-devel-windows-x86_64 1.0.0 9.00 84.00 93.00 NOTE
r-patched-linux-x86_64 1.0.0 6.16 66.58 72.74 NOTE
r-release-linux-x86_64 1.0.0 5.92 65.95 71.87 NOTE
r-release-macos-arm64 1.0.0 42.00 NOTE
r-release-macos-x86_64 1.0.0 83.00 NOTE
r-release-windows-x86_64 1.0.0 8.00 84.00 92.00 NOTE
r-oldrel-macos-arm64 1.0.0 51.00 NOTE
r-oldrel-macos-x86_64 1.0.0 91.00 NOTE
r-oldrel-windows-x86_64 1.0.0 10.00 139.00 149.00 NOTE

Check Details

Version: 1.0.0
Check: Rd files
Result: NOTE checkRd: (-1) fra_sf.Rd:22: Lost braces; missing escapes or markup? 22 | A map of France as {sf} object. Can be used as dataset or for maps | ^ Flavors: r-devel-linux-x86_64-debian-clang, r-devel-linux-x86_64-debian-gcc, r-devel-linux-x86_64-fedora-clang, r-devel-linux-x86_64-fedora-gcc, r-devel-windows-x86_64, r-patched-linux-x86_64, r-release-linux-x86_64, r-release-macos-arm64, r-release-macos-x86_64, r-release-windows-x86_64, r-oldrel-macos-arm64, r-oldrel-macos-x86_64, r-oldrel-windows-x86_64

mirror server hosted at Truenetwork, Russian Federation.