Last updated on 2025-07-13 06:48:24 CEST.
Flavor | Version | Tinstall | Tcheck | Ttotal | Status | Flags |
---|---|---|---|---|---|---|
r-devel-linux-x86_64-debian-clang | 1.0.2 | 36.71 | 45.00 | 81.71 | NOTE | |
r-devel-linux-x86_64-debian-gcc | 1.0.2 | 23.95 | 34.79 | 58.74 | NOTE | |
r-devel-linux-x86_64-fedora-clang | 1.0.2 | 127.80 | NOTE | |||
r-devel-linux-x86_64-fedora-gcc | 1.0.2 | 143.16 | NOTE | |||
r-devel-windows-x86_64 | 1.0.2 | 37.00 | 95.00 | 132.00 | NOTE | |
r-patched-linux-x86_64 | 1.0.2 | 35.20 | 42.39 | 77.59 | NOTE | |
r-release-linux-x86_64 | 1.0.2 | 33.07 | 41.96 | 75.03 | NOTE | |
r-release-macos-arm64 | 1.0.2 | 67.00 | NOTE | |||
r-release-macos-x86_64 | 1.0.2 | 101.00 | NOTE | |||
r-release-windows-x86_64 | 1.0.2 | 40.00 | 93.00 | 133.00 | NOTE | |
r-oldrel-macos-arm64 | 1.0.2 | 45.00 | NOTE | |||
r-oldrel-macos-x86_64 | 1.0.2 | 69.00 | NOTE | |||
r-oldrel-windows-x86_64 | 1.0.2 | 46.00 | 109.00 | 155.00 | NOTE |
Version: 1.0.2
Check: C++ specification
Result: NOTE
Specified C++11: please drop specification unless essential
Flavors: r-devel-linux-x86_64-debian-clang, r-devel-linux-x86_64-debian-gcc, r-devel-linux-x86_64-fedora-clang, r-devel-linux-x86_64-fedora-gcc, r-devel-windows-x86_64, r-patched-linux-x86_64, r-release-linux-x86_64, r-release-macos-arm64, r-release-macos-x86_64, r-release-windows-x86_64, r-oldrel-macos-arm64, r-oldrel-macos-x86_64, r-oldrel-windows-x86_64
Version: 1.0.2
Check: installed package size
Result: NOTE
installed size is 7.2Mb
sub-directories of 1Mb or more:
images 3.1Mb
libs 2.9Mb
Flavors: r-oldrel-macos-arm64, r-oldrel-macos-x86_64, r-oldrel-windows-x86_64