CRAN Package Check Results for Package fastGraph

Last updated on 2025-11-24 17:49:58 CET.

Flavor Version Tinstall Tcheck Ttotal Status Flags
r-devel-linux-x86_64-debian-clang 2.1 3.44 36.45 39.89 NOTE
r-devel-linux-x86_64-debian-gcc 2.1 2.19 26.84 29.03 NOTE
r-devel-linux-x86_64-fedora-clang 2.1 57.31 OK
r-devel-linux-x86_64-fedora-gcc 2.1 55.52 OK
r-devel-windows-x86_64 2.1 5.00 56.00 61.00 OK
r-patched-linux-x86_64 2.1 2.99 34.19 37.18 OK
r-release-linux-x86_64 2.1 3.10 34.26 37.36 OK
r-release-macos-arm64 2.1 OK
r-release-macos-x86_64 2.1 3.00 43.00 46.00 OK
r-release-windows-x86_64 2.1 3.00 67.00 70.00 OK
r-oldrel-macos-arm64 2.1 OK
r-oldrel-macos-x86_64 2.1 2.00 33.00 35.00 OK
r-oldrel-windows-x86_64 2.1 4.00 65.00 69.00 OK

Check Details

Version: 2.1
Check: CRAN incoming feasibility
Result: NOTE Maintainer: ‘Steven T. Garren <garrenst@jmu.edu>’ No Authors@R field in DESCRIPTION. Please add one, modifying Authors@R: person(given = c("Steven", "T."), family = "Garren", role = c("aut", "cre"), email = "garrenst@jmu.edu") as necessary. Flavors: r-devel-linux-x86_64-debian-clang, r-devel-linux-x86_64-debian-gcc

mirror server hosted at Truenetwork, Russian Federation.