CRAN Package Check Results for Package fastTopics

Last updated on 2025-11-02 23:49:37 CET.

Flavor Version Tinstall Tcheck Ttotal Status Flags
r-devel-linux-x86_64-debian-clang 0.7-30 119.96 254.26 374.22 OK
r-devel-linux-x86_64-debian-gcc 0.7-30 77.33 175.62 252.95 OK
r-devel-linux-x86_64-fedora-clang 0.7-30 226.00 422.52 648.52 OK
r-devel-linux-x86_64-fedora-gcc 0.7-30 62.00 333.34 395.34 OK
r-devel-windows-x86_64 0.7-30 133.00 278.00 411.00 OK
r-patched-linux-x86_64 0.7-30 107.33 243.75 351.08 OK
r-release-linux-x86_64 0.7-30 107.20 241.66 348.86 OK
r-release-macos-arm64 0.7-30 52.00 117.00 169.00 OK
r-release-macos-x86_64 0.7-30 93.00 270.00 363.00 OK
r-release-windows-x86_64 0.7-30 140.00 274.00 414.00 OK
r-oldrel-macos-arm64 0.7-30 50.00 121.00 171.00 NOTE
r-oldrel-macos-x86_64 0.7-30 81.00 286.00 367.00 NOTE
r-oldrel-windows-x86_64 0.7-30 170.00 346.00 516.00 NOTE

Additional issues

clang-UBSAN gcc-UBSAN

Check Details

Version: 0.7-30
Check: installed package size
Result: NOTE installed size is 14.8Mb sub-directories of 1Mb or more: data 7.2Mb doc 2.0Mb libs 5.1Mb Flavors: r-oldrel-macos-arm64, r-oldrel-macos-x86_64, r-oldrel-windows-x86_64

Version: 0.7-30
Check: for GNU extensions in Makefiles
Result: NOTE GNU make is a SystemRequirements. Flavors: r-oldrel-macos-arm64, r-oldrel-macos-x86_64, r-oldrel-windows-x86_64

mirror server hosted at Truenetwork, Russian Federation.