Last updated on 2024-06-29 12:48:15 CEST.
Flavor | Version | Tinstall | Tcheck | Ttotal | Status | Flags |
---|---|---|---|---|---|---|
r-devel-linux-x86_64-debian-clang | 1.1.3 | 11.28 | 69.08 | 80.36 | OK | |
r-devel-linux-x86_64-debian-gcc | 1.1.3 | 9.06 | 51.07 | 60.13 | OK | |
r-devel-linux-x86_64-fedora-clang | 1.1.3 | 102.06 | NOTE | |||
r-devel-linux-x86_64-fedora-gcc | 1.1.3 | 95.74 | OK | |||
r-devel-windows-x86_64 | 1.1.3 | 14.00 | 74.00 | 88.00 | OK | |
r-patched-linux-x86_64 | 1.1.3 | 10.94 | 63.64 | 74.58 | OK | |
r-release-linux-x86_64 | 1.1.3 | 10.32 | 65.18 | 75.50 | OK | |
r-release-macos-arm64 | 1.1.3 | 32.00 | OK | |||
r-release-macos-x86_64 | 1.1.3 | 48.00 | OK | |||
r-release-windows-x86_64 | 1.1.3 | 15.00 | 73.00 | 88.00 | OK | |
r-oldrel-macos-arm64 | 1.1.3 | 37.00 | OK | |||
r-oldrel-macos-x86_64 | 1.1.3 | 55.00 | OK | |||
r-oldrel-windows-x86_64 | 1.1.3 | 15.00 | 85.00 | 100.00 | OK |
Version: 1.1.3
Check: installed package size
Result: NOTE
installed size is 7.4Mb
sub-directories of 1Mb or more:
libs 7.2Mb
Flavor: r-devel-linux-x86_64-fedora-clang