CRAN Package Check Results for Package fasterElasticNet

Last updated on 2025-05-08 18:51:30 CEST.

Flavor Version Tinstall Tcheck Ttotal Status Flags
r-devel-linux-x86_64-debian-clang 1.1.2 37.51 25.82 63.33 NOTE
r-devel-linux-x86_64-debian-gcc 1.1.2 25.30 20.80 46.10 NOTE
r-devel-linux-x86_64-fedora-clang 1.1.2 116.97 NOTE
r-devel-linux-x86_64-fedora-gcc 1.1.2 113.49 NOTE
r-devel-windows-x86_64 1.1.2 44.00 70.00 114.00 NOTE
r-patched-linux-x86_64 1.1.2 34.77 24.99 59.76 NOTE
r-release-linux-x86_64 1.1.2 36.37 24.69 61.06 NOTE
r-release-macos-arm64 1.1.2 34.00 NOTE
r-release-macos-x86_64 1.1.2 51.00 NOTE
r-release-windows-x86_64 1.1.2 45.00 70.00 115.00 NOTE
r-oldrel-macos-arm64 1.1.2 30.00 NOTE
r-oldrel-macos-x86_64 1.1.2 40.00 NOTE
r-oldrel-windows-x86_64 1.1.2 50.00 79.00 129.00 NOTE

Check Details

Version: 1.1.2
Check: C++ specification
Result: NOTE Specified C++11: please drop specification unless essential Flavors: r-devel-linux-x86_64-debian-clang, r-devel-linux-x86_64-debian-gcc, r-devel-linux-x86_64-fedora-clang, r-devel-linux-x86_64-fedora-gcc, r-devel-windows-x86_64, r-patched-linux-x86_64, r-release-linux-x86_64, r-release-macos-arm64, r-release-macos-x86_64, r-release-windows-x86_64, r-oldrel-macos-arm64, r-oldrel-macos-x86_64, r-oldrel-windows-x86_64

Version: 1.1.2
Check: installed package size
Result: NOTE installed size is 5.6Mb sub-directories of 1Mb or more: data 3.1Mb libs 2.5Mb Flavors: r-oldrel-macos-arm64, r-oldrel-macos-x86_64

mirror server hosted at Truenetwork, Russian Federation.