CRAN Package Check Results for Package fastrep

Last updated on 2025-11-22 17:49:29 CET.

Flavor Version Tinstall Tcheck Ttotal Status Flags
r-devel-linux-x86_64-debian-clang 0.7 3.55 46.45 50.00 OK
r-devel-linux-x86_64-debian-gcc 0.7 2.88 34.50 37.38 OK
r-devel-linux-x86_64-fedora-clang 0.7 77.88 NOTE
r-devel-linux-x86_64-fedora-gcc 0.7 85.43 NOTE
r-devel-windows-x86_64 0.7 8.00 60.00 68.00 OK
r-patched-linux-x86_64 0.7 4.19 41.81 46.00 OK
r-release-linux-x86_64 0.7 4.11 42.14 46.25 OK
r-release-macos-arm64 0.7 OK
r-release-macos-x86_64 0.7 3.00 58.00 61.00 OK
r-release-windows-x86_64 0.7 7.00 59.00 66.00 OK
r-oldrel-macos-arm64 0.7 OK
r-oldrel-macos-x86_64 0.7 3.00 45.00 48.00 OK
r-oldrel-windows-x86_64 0.7 7.00 70.00 77.00 OK

Check Details

Version: 0.7
Check: dependencies in R code
Result: NOTE Namespace in Imports field not imported from: ‘ggplot2’ All declared Imports should be used. Flavors: r-devel-linux-x86_64-fedora-clang, r-devel-linux-x86_64-fedora-gcc

mirror server hosted at Truenetwork, Russian Federation.