Last updated on 2025-05-20 18:50:45 CEST.
Flavor | Version | Tinstall | Tcheck | Ttotal | Status | Flags |
---|---|---|---|---|---|---|
r-devel-linux-x86_64-debian-clang | 0.2.9 | 1.86 | 28.27 | 30.13 | OK | |
r-devel-linux-x86_64-debian-gcc | 0.2.9 | 1.45 | 23.11 | 24.56 | OK | |
r-devel-linux-x86_64-fedora-clang | 0.2.9 | 45.80 | OK | |||
r-devel-linux-x86_64-fedora-gcc | 0.2.9 | 43.99 | OK | |||
r-devel-windows-x86_64 | 0.2.9 | 3.00 | 72.00 | 75.00 | OK | |
r-patched-linux-x86_64 | 0.2.9 | 2.02 | 26.52 | 28.54 | OK | |
r-release-linux-x86_64 | 0.2.9 | 1.84 | 26.63 | 28.47 | OK | |
r-release-macos-arm64 | 0.2.9 | 22.00 | OK | |||
r-release-macos-x86_64 | 0.2.9 | 36.00 | OK | |||
r-release-windows-x86_64 | 0.2.9 | 4.00 | 65.00 | 69.00 | OK | |
r-oldrel-macos-arm64 | 0.2.9 | 26.00 | OK | |||
r-oldrel-macos-x86_64 | 0.2.9 | 27.00 | NOTE | |||
r-oldrel-windows-x86_64 | 0.2.9 | 4.00 | 60.00 | 64.00 | OK |
Version: 0.2.9
Check: package dependencies
Result: NOTE
Package suggested but not available for checking: ‘arrow’
Flavor: r-oldrel-macos-x86_64