Last updated on 2025-02-22 11:51:26 CET.
Flavor | Version | Tinstall | Tcheck | Ttotal | Status | Flags |
---|---|---|---|---|---|---|
r-devel-linux-x86_64-debian-clang | 0.1.0 | 6.57 | 51.68 | 58.25 | OK | |
r-devel-linux-x86_64-debian-gcc | 0.1.0 | 3.97 | 36.68 | 40.65 | OK | |
r-devel-linux-x86_64-fedora-clang | 0.1.0 | 91.28 | NOTE | |||
r-devel-linux-x86_64-fedora-gcc | 0.1.0 | 89.68 | NOTE | |||
r-devel-macos-arm64 | 0.1.0 | 31.00 | OK | |||
r-devel-macos-x86_64 | 0.1.0 | 63.00 | OK | |||
r-devel-windows-x86_64 | 0.1.0 | 7.00 | 65.00 | 72.00 | OK | |
r-patched-linux-x86_64 | 0.1.0 | 5.72 | 48.32 | 54.04 | OK | |
r-release-linux-x86_64 | 0.1.0 | 5.17 | 48.74 | 53.91 | OK | |
r-release-macos-arm64 | 0.1.0 | 26.00 | OK | |||
r-release-macos-x86_64 | 0.1.0 | 64.00 | OK | |||
r-release-windows-x86_64 | 0.1.0 | 7.00 | 67.00 | 74.00 | OK | |
r-oldrel-macos-arm64 | 0.1.0 | 34.00 | OK | |||
r-oldrel-macos-x86_64 | 0.1.0 | 47.00 | OK | |||
r-oldrel-windows-x86_64 | 0.1.0 | 9.00 | 78.00 | 87.00 | OK |
Version: 0.1.0
Check: dependencies in R code
Result: NOTE
Namespace in Imports field not imported from: ‘mvtnorm’
All declared Imports should be used.
Flavors: r-devel-linux-x86_64-fedora-clang, r-devel-linux-x86_64-fedora-gcc