Last updated on 2025-11-04 05:51:10 CET.
| Flavor | Version | Tinstall | Tcheck | Ttotal | Status | Flags | 
|---|---|---|---|---|---|---|
| r-devel-linux-x86_64-debian-clang | 2025.1.0.1 | 14.98 | 53.14 | 68.12 | OK | |
| r-devel-linux-x86_64-debian-gcc | 2025.1.0.1 | 10.72 | 38.48 | 49.20 | OK | |
| r-devel-linux-x86_64-fedora-clang | 2025.1.0.1 | 56.00 | 51.63 | 107.63 | OK | |
| r-devel-linux-x86_64-fedora-gcc | 2025.1.0.1 | 29.00 | 75.37 | 104.37 | OK | |
| r-devel-windows-x86_64 | 2025.1.0.1 | 15.00 | 79.00 | 94.00 | OK | |
| r-patched-linux-x86_64 | 2025.1.0.1 | 15.69 | 52.86 | 68.55 | OK | |
| r-release-linux-x86_64 | 2025.1.0.1 | 16.48 | 52.69 | 69.17 | OK | |
| r-release-macos-arm64 | 2025.1.0.1 | 13.00 | 49.00 | 62.00 | OK | |
| r-release-macos-x86_64 | 2025.1.0.1 | 19.00 | 63.00 | 82.00 | OK | |
| r-release-windows-x86_64 | 2025.1.0.1 | 17.00 | 75.00 | 92.00 | OK | |
| r-oldrel-macos-arm64 | 2025.1.0.1 | 12.00 | 40.00 | 52.00 | NOTE | |
| r-oldrel-macos-x86_64 | 2025.1.0.1 | 31.00 | 75.00 | 106.00 | NOTE | |
| r-oldrel-windows-x86_64 | 2025.1.0.1 | 16.00 | 108.00 | 124.00 | OK | 
Version: 2025.1.0.1
Check: installed package size
Result: NOTE
    installed size is  5.3Mb
    sub-directories of 1Mb or more:
      data   5.2Mb
Flavors: r-oldrel-macos-arm64, r-oldrel-macos-x86_64