Last updated on 2025-02-23 11:51:05 CET.
Flavor | Version | Tinstall | Tcheck | Ttotal | Status | Flags |
---|---|---|---|---|---|---|
r-devel-linux-x86_64-debian-clang | 2024.1.0.1 | 14.78 | 58.43 | 73.21 | OK | |
r-devel-linux-x86_64-debian-gcc | 2024.1.0.1 | 11.83 | 40.84 | 52.67 | OK | |
r-devel-linux-x86_64-fedora-clang | 2024.1.0.1 | 123.38 | OK | |||
r-devel-linux-x86_64-fedora-gcc | 2024.1.0.1 | 114.71 | OK | |||
r-devel-macos-x86_64 | 2024.1.0.1 | 121.00 | OK | |||
r-patched-linux-x86_64 | 2024.1.0.1 | 16.81 | 56.73 | 73.54 | OK | |
r-release-linux-x86_64 | 2024.1.0.1 | 13.75 | 58.60 | 72.35 | OK | |
r-release-macos-x86_64 | 2024.1.0.1 | 118.00 | NOTE | |||
r-release-windows-x86_64 | 2024.1.0.1 | 15.00 | 83.00 | 98.00 | OK | |
r-oldrel-macos-x86_64 | 2024.1.0.1 | 102.00 | NOTE | |||
r-oldrel-windows-x86_64 | 2024.1.0.1 | 19.00 | 95.00 | 114.00 | OK |
Version: 2024.1.0.1
Check: installed package size
Result: NOTE
installed size is 5.1Mb
sub-directories of 1Mb or more:
data 5.0Mb
Flavors: r-release-macos-x86_64, r-oldrel-macos-x86_64