CRAN Package Check Results for Package fitConic

Last updated on 2025-11-03 11:49:41 CET.

Flavor Version Tinstall Tcheck Ttotal Status Flags
r-devel-linux-x86_64-debian-clang 1.2.1 2.53 26.17 28.70 NOTE
r-devel-linux-x86_64-debian-gcc 1.2.1 2.00 20.38 22.38 NOTE
r-devel-linux-x86_64-fedora-clang 1.2.1 10.00 35.36 45.36 NOTE
r-devel-linux-x86_64-fedora-gcc 1.2.1 40.69 NOTE
r-devel-windows-x86_64 1.2.1 3.00 50.00 53.00 NOTE
r-patched-linux-x86_64 1.2.1 2.72 24.87 27.59 NOTE
r-release-linux-x86_64 1.2.1 2.16 25.04 27.20 NOTE
r-release-macos-arm64 1.2.1 1.00 18.00 19.00 NOTE
r-release-macos-x86_64 1.2.1 2.00 29.00 31.00 NOTE
r-release-windows-x86_64 1.2.1 5.00 49.00 54.00 NOTE
r-oldrel-macos-arm64 1.2.1 1.00 16.00 17.00 NOTE
r-oldrel-macos-x86_64 1.2.1 3.00 22.00 25.00 NOTE
r-oldrel-windows-x86_64 1.2.1 3.00 50.00 53.00 NOTE

Check Details

Version: 1.2.1
Check: Rd files
Result: NOTE checkRd: (-1) fitConic.Rd:66-73: Lost braces 66 | \code{parA }{vector of the six "ABCDEF" coefficients | ^ checkRd: (-1) fitConic.Rd:67: Lost braces 67 | \code{RSS }{'root sum square' figure of merit describing the relative fit quality} | ^ checkRd: (-1) fitConic.Rd:68: Lost braces 68 | \code{iters }{number of iterations at convergence} | ^ checkRd: (-1) fitConic.Rd:69-71: Lost braces 69 | \code{exitCode }{1 means ellipse, 2 means hyperbola, 3 means parabola. | ^ checkRd: (-1) rotateA.Rd:59: Lost braces; missing escapes or markup? 59 | For \code{xyrot} {a Nx2 array of the x,y coordinates of the rotated data set. } | ^ Flavors: r-devel-linux-x86_64-debian-clang, r-devel-linux-x86_64-debian-gcc, r-devel-linux-x86_64-fedora-clang, r-devel-linux-x86_64-fedora-gcc, r-devel-windows-x86_64, r-patched-linux-x86_64, r-release-linux-x86_64, r-release-macos-arm64, r-release-macos-x86_64, r-release-windows-x86_64, r-oldrel-macos-arm64, r-oldrel-macos-x86_64, r-oldrel-windows-x86_64

mirror server hosted at Truenetwork, Russian Federation.