Last updated on 2025-11-04 05:51:11 CET.
| Flavor | Version | Tinstall | Tcheck | Ttotal | Status | Flags | 
|---|---|---|---|---|---|---|
| r-devel-linux-x86_64-debian-clang | 1.0.1 | 15.63 | 148.97 | 164.60 | NOTE | |
| r-devel-linux-x86_64-debian-gcc | 1.0.1 | 11.25 | 104.03 | 115.28 | NOTE | |
| r-devel-linux-x86_64-fedora-clang | 1.0.1 | 55.00 | 214.08 | 269.08 | NOTE | |
| r-devel-linux-x86_64-fedora-gcc | 1.0.1 | 30.00 | 222.82 | 252.82 | NOTE | |
| r-devel-windows-x86_64 | 1.0.1 | 16.00 | 157.00 | 173.00 | NOTE | |
| r-patched-linux-x86_64 | 1.0.1 | 14.50 | 140.38 | 154.88 | NOTE | |
| r-release-linux-x86_64 | 1.0.1 | 13.76 | 140.14 | 153.90 | NOTE | |
| r-release-macos-arm64 | 1.0.1 | 6.00 | 64.00 | 70.00 | NOTE | |
| r-release-macos-x86_64 | 1.0.1 | 13.00 | 121.00 | 134.00 | NOTE | |
| r-release-windows-x86_64 | 1.0.1 | 16.00 | 153.00 | 169.00 | NOTE | |
| r-oldrel-macos-arm64 | 1.0.1 | 6.00 | 61.00 | 67.00 | OK | |
| r-oldrel-macos-x86_64 | 1.0.1 | 14.00 | 140.00 | 154.00 | OK | |
| r-oldrel-windows-x86_64 | 1.0.1 | 22.00 | 194.00 | 216.00 | OK | 
Version: 1.0.1
Check: DESCRIPTION meta-information
Result: NOTE
    Missing dependency on R >= 4.1.0 because package code uses the pipe
    |> or function shorthand \(...) syntax added in R 4.1.0.
    File(s) using such syntax:
      ‘readData.R’
Flavors: r-devel-linux-x86_64-debian-clang, r-devel-linux-x86_64-debian-gcc, r-devel-linux-x86_64-fedora-clang, r-devel-linux-x86_64-fedora-gcc, r-devel-windows-x86_64, r-patched-linux-x86_64, r-release-linux-x86_64, r-release-macos-arm64, r-release-macos-x86_64, r-release-windows-x86_64