Last updated on 2025-11-24 11:50:07 CET.
| Flavor | Version | Tinstall | Tcheck | Ttotal | Status | Flags |
|---|---|---|---|---|---|---|
| r-devel-linux-x86_64-debian-clang | 0.1.0 | 2.28 | 28.63 | 30.91 | OK | |
| r-devel-linux-x86_64-debian-gcc | 0.1.0 | 1.74 | 23.22 | 24.96 | OK | |
| r-devel-linux-x86_64-fedora-clang | 0.1.0 | 46.69 | OK | |||
| r-devel-linux-x86_64-fedora-gcc | 0.1.0 | 57.45 | OK | |||
| r-devel-windows-x86_64 | 0.1.0 | 8.00 | 45.00 | 53.00 | OK | |
| r-patched-linux-x86_64 | 0.1.0 | 2.41 | 26.01 | 28.42 | OK | |
| r-release-linux-x86_64 | 0.1.0 | 2.45 | 26.16 | 28.61 | OK | |
| r-release-macos-arm64 | 0.1.0 | OK | ||||
| r-release-macos-x86_64 | 0.1.0 | 4.00 | 60.00 | 64.00 | OK | |
| r-release-windows-x86_64 | 0.1.0 | 5.00 | 55.00 | 60.00 | OK | |
| r-oldrel-macos-arm64 | 0.1.0 | NOTE | ||||
| r-oldrel-macos-x86_64 | 0.1.0 | 2.00 | 33.00 | 35.00 | NOTE | |
| r-oldrel-windows-x86_64 | 0.1.0 | 5.00 | 52.00 | 57.00 | NOTE |
Version: 0.1.0
Check: LazyData
Result: NOTE
'LazyData' is specified without a 'data' directory
Flavors: r-oldrel-macos-arm64, r-oldrel-macos-x86_64, r-oldrel-windows-x86_64