CRAN Package Check Results for Package flattabler

Last updated on 2025-05-28 06:51:26 CEST.

Flavor Version Tinstall Tcheck Ttotal Status Flags
r-devel-linux-x86_64-debian-clang 2.1.2 3.22 51.36 54.58 NOTE
r-devel-linux-x86_64-debian-gcc 2.1.2 1.85 38.16 40.01 NOTE
r-devel-linux-x86_64-fedora-clang 2.1.2 83.79 NOTE
r-devel-linux-x86_64-fedora-gcc 2.1.2 93.33 NOTE
r-devel-windows-x86_64 2.1.2 4.00 79.00 83.00 NOTE
r-patched-linux-x86_64 2.1.2 3.28 47.62 50.90 NOTE
r-release-linux-x86_64 2.1.2 2.91 47.46 50.37 NOTE
r-release-macos-arm64 2.1.2 41.00 NOTE
r-release-macos-x86_64 2.1.2 84.00 OK
r-release-windows-x86_64 2.1.2 5.00 77.00 82.00 NOTE
r-oldrel-macos-arm64 2.1.2 38.00 OK
r-oldrel-macos-x86_64 2.1.2 60.00 OK
r-oldrel-windows-x86_64 2.1.2 7.00 94.00 101.00 OK

Check Details

Version: 2.1.2
Check: DESCRIPTION meta-information
Result: NOTE Missing dependency on R >= 4.1.0 because package code uses the pipe |> or function shorthand \(...) syntax added in R 4.1.0. File(s) using such syntax: ‘define_labels.Rd’ ‘divide.Rd’ ‘extract_labels.Rd’ ‘fill_labels.Rd’ ‘fill_values.Rd’ ‘flatten_table_list.Rd’ ‘ft_ex.Rd’ ‘ft_ex_v2.Rd’ ‘ft_set.Rd’ ‘get_col_values.Rd’ ‘get_page.Rd’ ‘pf_ex_compact.Rd’ ‘remove_agg.Rd’ ‘remove_bottom.Rd’ ‘remove_cols.Rd’ ‘remove_empty.Rd’ ‘remove_k.Rd’ ‘remove_left.Rd’ ‘remove_right.Rd’ ‘remove_rows.Rd’ ‘remove_top.Rd’ ‘replace_dec.Rd’ ‘set_page.Rd’ ‘unpivot.Rd’ Flavors: r-devel-linux-x86_64-debian-clang, r-devel-linux-x86_64-debian-gcc, r-devel-linux-x86_64-fedora-clang, r-devel-linux-x86_64-fedora-gcc, r-devel-windows-x86_64, r-patched-linux-x86_64, r-release-linux-x86_64, r-release-macos-arm64, r-release-windows-x86_64

mirror server hosted at Truenetwork, Russian Federation.