CRAN Package Check Results for Package flexmixNL

Last updated on 2025-05-25 00:50:01 CEST.

Flavor Version Tinstall Tcheck Ttotal Status Flags
r-devel-linux-x86_64-debian-clang 0.0.1 10.81 70.55 81.36 NOTE
r-devel-linux-x86_64-debian-gcc 0.0.1 7.40 50.58 57.98 NOTE
r-devel-linux-x86_64-fedora-clang 0.0.1 127.09 OK
r-devel-linux-x86_64-fedora-gcc 0.0.1 117.98 OK
r-devel-windows-x86_64 0.0.1 10.00 84.00 94.00 NOTE
r-patched-linux-x86_64 0.0.1 10.82 66.60 77.42 NOTE
r-release-linux-x86_64 0.0.1 8.24 65.89 74.13 NOTE
r-release-macos-arm64 0.0.1 42.00 OK
r-release-macos-x86_64 0.0.1 68.00 OK
r-release-windows-x86_64 0.0.1 10.00 82.00 92.00 NOTE
r-oldrel-macos-arm64 0.0.1 37.00 OK
r-oldrel-macos-x86_64 0.0.1 69.00 OK
r-oldrel-windows-x86_64 0.0.1 13.00 100.00 113.00 OK

Check Details

Version: 0.0.1
Check: Rd cross-references
Result: NOTE Found the following Rd file(s) with Rd \link{} targets missing package anchors: FLXMRnlm.Rd: gnm, flexmix flexmixNL-package.Rd: flexmix, gnm Please provide package anchors for all Rd \link{} targets not in the package itself and the base packages. Flavors: r-devel-linux-x86_64-debian-clang, r-devel-linux-x86_64-debian-gcc, r-devel-windows-x86_64, r-patched-linux-x86_64, r-release-linux-x86_64, r-release-windows-x86_64

mirror server hosted at Truenetwork, Russian Federation.