Last updated on 2025-11-03 17:49:49 CET.
| Flavor | Version | Tinstall | Tcheck | Ttotal | Status | Flags |
|---|---|---|---|---|---|---|
| r-devel-linux-x86_64-debian-clang | 0.1.2 | 84.50 | 137.01 | 221.51 | OK | |
| r-devel-linux-x86_64-debian-gcc | 0.1.2 | 58.58 | 91.02 | 149.60 | OK | |
| r-devel-linux-x86_64-fedora-clang | 0.1.2 | 434.00 | -48.64 | 385.36 | OK | |
| r-devel-linux-x86_64-fedora-gcc | 0.1.2 | 212.00 | 153.93 | 365.93 | OK | |
| r-devel-windows-x86_64 | 0.1.2 | 138.00 | 188.00 | 326.00 | OK | |
| r-patched-linux-x86_64 | 0.1.2 | 92.21 | 131.32 | 223.53 | OK | |
| r-release-linux-x86_64 | 0.1.2 | 87.55 | 128.16 | 215.71 | OK | |
| r-release-macos-arm64 | 0.1.2 | 54.00 | 54.00 | 108.00 | OK | |
| r-release-macos-x86_64 | 0.1.2 | 116.00 | 114.00 | 230.00 | OK | |
| r-release-windows-x86_64 | 0.1.2 | 141.00 | 188.00 | 329.00 | OK | |
| r-oldrel-macos-arm64 | 0.1.2 | 51.00 | 61.00 | 112.00 | NOTE | |
| r-oldrel-macos-x86_64 | 0.1.2 | 116.00 | 124.00 | 240.00 | NOTE | |
| r-oldrel-windows-x86_64 | 0.1.2 | 149.00 | 255.00 | 404.00 | NOTE |
Version: 0.1.2
Check: installed package size
Result: NOTE
installed size is 15.6Mb
sub-directories of 1Mb or more:
R 2.1Mb
libs 13.1Mb
Flavors: r-oldrel-macos-arm64, r-oldrel-macos-x86_64, r-oldrel-windows-x86_64