Last updated on 2025-02-22 11:51:26 CET.
Flavor | Version | Tinstall | Tcheck | Ttotal | Status | Flags |
---|---|---|---|---|---|---|
r-devel-linux-x86_64-debian-clang | 0.3.4 | 38.97 | 56.61 | 95.58 | OK | |
r-devel-linux-x86_64-debian-gcc | 0.3.4 | 31.87 | 42.72 | 74.59 | OK | |
r-devel-linux-x86_64-fedora-clang | 0.3.4 | 153.06 | OK | |||
r-devel-linux-x86_64-fedora-gcc | 0.3.4 | 144.46 | OK | |||
r-devel-macos-arm64 | 0.3.4 | 60.00 | OK | |||
r-devel-macos-x86_64 | 0.3.4 | 101.00 | OK | |||
r-devel-windows-x86_64 | 0.3.4 | 43.00 | 72.00 | 115.00 | OK | |
r-patched-linux-x86_64 | 0.3.4 | 39.07 | 53.34 | 92.41 | OK | |
r-release-linux-x86_64 | 0.3.4 | 38.83 | 55.17 | 94.00 | OK | |
r-release-macos-arm64 | 0.3.4 | 56.00 | NOTE | |||
r-release-macos-x86_64 | 0.3.4 | 77.00 | NOTE | |||
r-release-windows-x86_64 | 0.3.4 | 44.00 | 70.00 | 114.00 | NOTE | |
r-oldrel-macos-arm64 | 0.3.4 | 66.00 | NOTE | |||
r-oldrel-macos-x86_64 | 0.3.4 | 85.00 | NOTE | |||
r-oldrel-windows-x86_64 | 0.3.4 | 51.00 | 82.00 | 133.00 | NOTE |
Version: 0.3.4
Check: installed package size
Result: NOTE
installed size is 8.0Mb
sub-directories of 1Mb or more:
R 7.9Mb
Flavors: r-release-macos-arm64, r-release-macos-x86_64, r-release-windows-x86_64, r-oldrel-macos-arm64, r-oldrel-macos-x86_64, r-oldrel-windows-x86_64