Last updated on 2025-11-24 11:50:07 CET.
| Flavor | Version | Tinstall | Tcheck | Ttotal | Status | Flags |
|---|---|---|---|---|---|---|
| r-devel-linux-x86_64-debian-clang | 0.0.2 | 2.57 | 37.06 | 39.63 | OK | |
| r-devel-linux-x86_64-debian-gcc | 0.0.2 | 1.84 | 29.04 | 30.88 | OK | |
| r-devel-linux-x86_64-fedora-clang | 0.0.2 | 61.83 | OK | |||
| r-devel-linux-x86_64-fedora-gcc | 0.0.2 | 70.01 | OK | |||
| r-devel-windows-x86_64 | 0.0.2 | 12.00 | 52.00 | 64.00 | OK | |
| r-patched-linux-x86_64 | 0.0.2 | 2.55 | 34.30 | 36.85 | OK | |
| r-release-linux-x86_64 | 0.0.2 | 2.17 | 34.66 | 36.83 | OK | |
| r-release-macos-arm64 | 0.0.2 | OK | ||||
| r-release-macos-x86_64 | 0.0.2 | 2.00 | 47.00 | 49.00 | OK | |
| r-release-windows-x86_64 | 0.0.2 | 6.00 | 67.00 | 73.00 | OK | |
| r-oldrel-macos-arm64 | 0.0.2 | NOTE | ||||
| r-oldrel-macos-x86_64 | 0.0.2 | 3.00 | 49.00 | 52.00 | NOTE | |
| r-oldrel-windows-x86_64 | 0.0.2 | 7.00 | 60.00 | 67.00 | NOTE |
Version: 0.0.2
Check: installed package size
Result: NOTE
installed size is 5.0Mb
sub-directories of 1Mb or more:
htmlwidgets 3.9Mb
Flavors: r-oldrel-macos-arm64, r-oldrel-macos-x86_64, r-oldrel-windows-x86_64