CRAN Package Check Results for Package fluoSurv

Last updated on 2025-11-22 17:49:30 CET.

Flavor Version Tinstall Tcheck Ttotal Status Flags
r-devel-linux-x86_64-debian-clang 1.0.0 3.29 25.39 28.68 NOTE
r-devel-linux-x86_64-debian-gcc 1.0.0 2.38 19.73 22.11 NOTE
r-devel-linux-x86_64-fedora-clang 1.0.0 43.31 OK
r-devel-linux-x86_64-fedora-gcc 1.0.0 39.94 OK
r-devel-windows-x86_64 1.0.0 5.00 42.00 47.00 OK
r-patched-linux-x86_64 1.0.0 3.48 23.48 26.96 OK
r-release-linux-x86_64 1.0.0 3.23 23.54 26.77 OK
r-release-macos-arm64 1.0.0 OK
r-release-macos-x86_64 1.0.0 3.00 26.00 29.00 OK
r-release-windows-x86_64 1.0.0 4.00 42.00 46.00 OK
r-oldrel-macos-arm64 1.0.0 OK
r-oldrel-macos-x86_64 1.0.0 5.00 29.00 34.00 OK
r-oldrel-windows-x86_64 1.0.0 4.00 48.00 52.00 OK

Check Details

Version: 1.0.0
Check: CRAN incoming feasibility
Result: NOTE Maintainer: ‘Jean-Baptiste Ferdy <jean-baptiste.ferdy@univ-tlse3.fr>’ No Authors@R field in DESCRIPTION. Please add one, modifying Authors@R: person(given = "Jean-Baptiste", family = "Ferdy", role = c("aut", "cre"), email = "jean-baptiste.ferdy@univ-tlse3.fr") as necessary. Flavors: r-devel-linux-x86_64-debian-clang, r-devel-linux-x86_64-debian-gcc

mirror server hosted at Truenetwork, Russian Federation.