Last updated on 2025-11-03 17:49:49 CET.
| Flavor | Version | Tinstall | Tcheck | Ttotal | Status | Flags |
|---|---|---|---|---|---|---|
| r-devel-linux-x86_64-debian-clang | 0.0-1 | 28.86 | 84.12 | 112.98 | WARN | |
| r-devel-linux-x86_64-debian-gcc | 0.0-1 | 17.74 | 60.38 | 78.12 | WARN | |
| r-devel-linux-x86_64-fedora-clang | 0.0-1 | 97.00 | 99.55 | 196.55 | NOTE | |
| r-devel-linux-x86_64-fedora-gcc | 0.0-1 | 56.00 | 111.46 | 167.46 | NOTE | |
| r-devel-windows-x86_64 | 0.0-1 | 34.00 | 104.00 | 138.00 | NOTE | |
| r-patched-linux-x86_64 | 0.0-1 | 28.04 | 81.31 | 109.35 | NOTE | |
| r-release-linux-x86_64 | 0.0-1 | 27.09 | 80.72 | 107.81 | NOTE | |
| r-release-macos-arm64 | 0.0-1 | 14.00 | 38.00 | 52.00 | NOTE | |
| r-release-macos-x86_64 | 0.0-1 | 22.00 | 74.00 | 96.00 | NOTE | |
| r-release-windows-x86_64 | 0.0-1 | 31.00 | 99.00 | 130.00 | NOTE | |
| r-oldrel-macos-arm64 | 0.0-1 | 13.00 | 33.00 | 46.00 | NOTE | |
| r-oldrel-macos-x86_64 | 0.0-1 | 17.00 | 52.00 | 69.00 | NOTE | |
| r-oldrel-windows-x86_64 | 0.0-1 | 39.00 | 134.00 | 173.00 | NOTE |
Version: 0.0-1
Check: CRAN incoming feasibility
Result: NOTE
Maintainer: ‘Yan Li <yan.4.li@uconn.edu>’
The Description field contains
<arXiv:2003.04787>.
Please refer to arXiv e-prints via their arXiv DOI <doi:10.48550/arXiv.YYMM.NNNNN>.
Flavors: r-devel-linux-x86_64-debian-clang, r-devel-linux-x86_64-debian-gcc
Version: 0.0-1
Check: whether package can be installed
Result: WARN
Found the following significant warnings:
/home/hornik/tmp/R.check/r-devel-clang/Work/build/Packages/RcppArmadillo/include/RcppArmadillo/version/arma.h:66:17: warning: Using fallback compilation with Armadillo 14.6.3. Please consider defining -DARMA_USE_CURRENT and also removing C++11 compilation directive. See GitHub issue #475 for more. [-W#pragma-messages]
See ‘/home/hornik/tmp/R.check/r-devel-clang/Work/PKGS/fmerPack.Rcheck/00install.out’ for details.
* used C++ compiler: ‘Debian clang version 19.1.7 (7)’
Flavor: r-devel-linux-x86_64-debian-clang
Version: 0.0-1
Check: C++ specification
Result: NOTE
Specified C++11: please drop specification unless essential
Flavors: r-devel-linux-x86_64-debian-clang, r-devel-linux-x86_64-debian-gcc, r-devel-linux-x86_64-fedora-clang, r-devel-linux-x86_64-fedora-gcc, r-devel-windows-x86_64, r-patched-linux-x86_64, r-release-linux-x86_64, r-release-macos-arm64, r-release-macos-x86_64, r-release-windows-x86_64, r-oldrel-macos-arm64, r-oldrel-macos-x86_64, r-oldrel-windows-x86_64
Version: 0.0-1
Check: whether package can be installed
Result: WARN
Found the following significant warnings:
/home/hornik/tmp/R.check/r-devel-gcc/Work/build/Packages/RcppArmadillo/include/RcppArmadillo/version/arma.h:66:199: note: ‘#pragma message: Using fallback compilation with Armadillo 14.6.3. Please consider defining -DARMA_USE_CURRENT and also removing C++11 compilation directive. See GitHub issue #475 for more.’
See ‘/home/hornik/tmp/R.check/r-devel-gcc/Work/PKGS/fmerPack.Rcheck/00install.out’ for details.
* used C++ compiler: ‘g++-15 (Debian 15.2.0-7) 15.2.0’
Flavor: r-devel-linux-x86_64-debian-gcc
Version: 0.0-1
Check: dependencies in R code
Result: NOTE
Namespace in Imports field not imported from: ‘MASS’
All declared Imports should be used.
Flavors: r-devel-linux-x86_64-fedora-clang, r-devel-linux-x86_64-fedora-gcc