Last updated on 2025-05-09 00:50:02 CEST.
Flavor | Version | Tinstall | Tcheck | Ttotal | Status | Flags |
---|---|---|---|---|---|---|
r-devel-linux-x86_64-debian-clang | 2.6.2 | 8.61 | 67.80 | 76.41 | NOTE | |
r-devel-linux-x86_64-debian-gcc | 2.6.2 | 5.56 | 47.97 | 53.53 | NOTE | |
r-devel-linux-x86_64-fedora-clang | 2.6.2 | 109.98 | NOTE | |||
r-devel-linux-x86_64-fedora-gcc | 2.6.2 | 111.84 | NOTE | |||
r-devel-windows-x86_64 | 2.6.2 | 10.00 | 78.00 | 88.00 | NOTE | |
r-patched-linux-x86_64 | 2.6.2 | 7.71 | 65.70 | 73.41 | NOTE | |
r-release-linux-x86_64 | 2.6.2 | 6.93 | 65.01 | 71.94 | NOTE | |
r-release-macos-arm64 | 2.6.2 | 41.00 | NOTE | |||
r-release-macos-x86_64 | 2.6.2 | 77.00 | NOTE | |||
r-release-windows-x86_64 | 2.6.2 | 10.00 | 81.00 | 91.00 | NOTE | |
r-oldrel-macos-arm64 | 2.6.2 | 29.00 | NOTE | |||
r-oldrel-macos-x86_64 | 2.6.2 | 47.00 | NOTE | |||
r-oldrel-windows-x86_64 | 2.6.2 | 13.00 | 92.00 | 105.00 | NOTE |
Version: 2.6.2
Check: Rd files
Result: NOTE
checkRd: (-1) errorMetricFunctions.Rd:48: Lost braces
48 | The metric MdAE is obtained using code{type = "AE"} and \code{statistic = "Md"}
| ^
Flavors: r-devel-linux-x86_64-debian-clang, r-devel-linux-x86_64-debian-gcc, r-devel-linux-x86_64-fedora-clang, r-devel-linux-x86_64-fedora-gcc, r-devel-windows-x86_64, r-patched-linux-x86_64, r-release-linux-x86_64, r-release-macos-arm64, r-release-macos-x86_64, r-release-windows-x86_64, r-oldrel-macos-arm64, r-oldrel-macos-x86_64, r-oldrel-windows-x86_64