CRAN Package Check Results for Package forecastML

Last updated on 2025-05-10 18:50:56 CEST.

Flavor Version Tinstall Tcheck Ttotal Status Flags
r-devel-linux-x86_64-debian-clang 0.9.0 11.20 452.82 464.02 NOTE
r-devel-linux-x86_64-debian-gcc 0.9.0 7.88 300.74 308.62 NOTE
r-devel-linux-x86_64-fedora-clang 0.9.0 734.17 NOTE
r-devel-linux-x86_64-fedora-gcc 0.9.0 677.34 NOTE
r-devel-windows-x86_64 0.9.0 12.00 317.00 329.00 OK
r-patched-linux-x86_64 0.9.0 12.83 409.33 422.16 OK
r-release-linux-x86_64 0.9.0 9.85 417.67 427.52 OK
r-release-macos-arm64 0.9.0 231.00 OK
r-release-macos-x86_64 0.9.0 491.00 OK
r-release-windows-x86_64 0.9.0 13.00 314.00 327.00 OK
r-oldrel-macos-arm64 0.9.0 212.00 OK
r-oldrel-macos-x86_64 0.9.0 387.00 OK
r-oldrel-windows-x86_64 0.9.0 18.00 406.00 424.00 OK

Check Details

Version: 0.9.0
Check: CRAN incoming feasibility
Result: NOTE Maintainer: ‘Nickalus Redell <nickalusredell@gmail.com>’ No Authors@R field in DESCRIPTION. Please add one, modifying Authors@R: person(given = "Nickalus", family = "Redell", role = c("aut", "cre"), email = "nickalusredell@gmail.com") as necessary. Flavors: r-devel-linux-x86_64-debian-clang, r-devel-linux-x86_64-debian-gcc

Version: 0.9.0
Check: dependencies in R code
Result: NOTE Namespace in Imports field not imported from: ‘dtplyr’ All declared Imports should be used. Flavors: r-devel-linux-x86_64-fedora-clang, r-devel-linux-x86_64-fedora-gcc

mirror server hosted at Truenetwork, Russian Federation.