Last updated on 2024-06-29 12:48:16 CEST.
Flavor | Version | Tinstall | Tcheck | Ttotal | Status | Flags |
---|---|---|---|---|---|---|
r-devel-linux-x86_64-debian-clang | 1.3-0 | 39.41 | 38.05 | 77.46 | NOTE | |
r-devel-linux-x86_64-debian-gcc | 1.3-0 | 27.98 | 29.08 | 57.06 | NOTE | |
r-devel-linux-x86_64-fedora-clang | 1.3-0 | 118.39 | NOTE | |||
r-devel-linux-x86_64-fedora-gcc | 1.3-0 | 108.31 | NOTE | |||
r-devel-windows-x86_64 | 1.3-0 | 30.00 | 74.00 | 104.00 | NOTE | |
r-patched-linux-x86_64 | 1.3-0 | 31.71 | 37.32 | 69.03 | NOTE | |
r-release-linux-x86_64 | 1.3-0 | 32.38 | 37.22 | 69.60 | NOTE | |
r-release-macos-arm64 | 1.3-0 | 28.00 | NOTE | |||
r-release-macos-x86_64 | 1.3-0 | 37.00 | NOTE | |||
r-release-windows-x86_64 | 1.3-0 | 30.00 | 74.00 | 104.00 | NOTE | |
r-oldrel-macos-arm64 | 1.3-0 | 31.00 | NOTE | |||
r-oldrel-macos-x86_64 | 1.3-0 | 50.00 | NOTE | |||
r-oldrel-windows-x86_64 | 1.3-0 | 29.00 | 82.00 | 111.00 | NOTE |
Version: 1.3-0
Check: LazyData
Result: NOTE
'LazyData' is specified without a 'data' directory
Flavors: r-devel-linux-x86_64-debian-clang, r-devel-linux-x86_64-debian-gcc, r-devel-linux-x86_64-fedora-clang, r-devel-linux-x86_64-fedora-gcc, r-devel-windows-x86_64, r-patched-linux-x86_64, r-release-linux-x86_64, r-release-macos-arm64, r-release-macos-x86_64, r-release-windows-x86_64, r-oldrel-macos-arm64, r-oldrel-macos-x86_64, r-oldrel-windows-x86_64