CRAN Package Check Results for Package frailtyHL

Last updated on 2025-07-10 06:50:19 CEST.

Flavor Version Tinstall Tcheck Ttotal Status Flags
r-devel-linux-x86_64-debian-clang 2.3 13.30 85.10 98.40 NOTE
r-devel-linux-x86_64-debian-gcc 2.3 9.44 59.93 69.37 NOTE
r-devel-linux-x86_64-fedora-clang 2.3 150.25 OK
r-devel-linux-x86_64-fedora-gcc 2.3 148.48 OK
r-devel-windows-x86_64 2.3 14.00 88.00 102.00 OK
r-patched-linux-x86_64 2.3 13.49 78.99 92.48 OK
r-release-linux-x86_64 2.3 14.24 77.96 92.20 OK
r-release-macos-arm64 2.3 47.00 OK
r-release-macos-x86_64 2.3 84.00 OK
r-release-windows-x86_64 2.3 16.00 88.00 104.00 OK
r-oldrel-macos-arm64 2.3 40.00 OK
r-oldrel-macos-x86_64 2.3 63.00 OK
r-oldrel-windows-x86_64 2.3 28.00 102.00 130.00 OK

Check Details

Version: 2.3
Check: CRAN incoming feasibility
Result: NOTE Maintainer: ‘Maengseok Noh <msnoh@pknu.ac.kr>’ No Authors@R field in DESCRIPTION. Please add one, modifying Authors@R: c(person(given = c("Il", "Do"), family = "Ha", role = "aut"), person(given = "Maengseok", family = "Noh", role = c("aut", "cre"), email = "msnoh@pknu.ac.kr"), person(given = "Jiwoong", family = "Kim", role = "aut"), person(given = "Youngjo", family = "Lee", role = "aut")) as necessary. Flavors: r-devel-linux-x86_64-debian-clang, r-devel-linux-x86_64-debian-gcc

mirror server hosted at Truenetwork, Russian Federation.