Last updated on 2025-11-03 11:49:42 CET.
| Flavor | Version | Tinstall | Tcheck | Ttotal | Status | Flags |
|---|---|---|---|---|---|---|
| r-devel-linux-x86_64-debian-clang | 0.5.203 | 8.90 | 89.08 | 97.98 | NOTE | |
| r-devel-linux-x86_64-debian-gcc | 0.5.203 | 6.70 | 62.74 | 69.44 | NOTE | |
| r-devel-linux-x86_64-fedora-clang | 0.5.203 | 42.00 | 114.08 | 156.08 | NOTE | |
| r-devel-linux-x86_64-fedora-gcc | 0.5.203 | 20.00 | 121.35 | 141.35 | NOTE | |
| r-devel-windows-x86_64 | 0.5.203 | 11.00 | 99.00 | 110.00 | OK | |
| r-patched-linux-x86_64 | 0.5.203 | 10.60 | 84.92 | 95.52 | OK | |
| r-release-linux-x86_64 | 0.5.203 | 8.53 | 84.62 | 93.15 | OK | |
| r-release-macos-arm64 | 0.5.203 | 5.00 | 39.00 | 44.00 | OK | |
| r-release-macos-x86_64 | 0.5.203 | 11.00 | 118.00 | 129.00 | OK | |
| r-release-windows-x86_64 | 0.5.203 | 11.00 | 97.00 | 108.00 | OK | |
| r-oldrel-macos-arm64 | 0.5.203 | 4.00 | 42.00 | 46.00 | OK | |
| r-oldrel-macos-x86_64 | 0.5.203 | 10.00 | 127.00 | 137.00 | OK | |
| r-oldrel-windows-x86_64 | 0.5.203 | 14.00 | 119.00 | 133.00 | OK |
Version: 0.5.203
Check: Rd files
Result: NOTE
checkRd: (-1) bythotrephes.Rd:8-13: Only 4 columns allowed in this table (row 1 has 2)
checkRd: (-1) bythotrephes.Rd:8-13: Only 4 columns allowed in this table (row 2 has 2)
checkRd: (-1) bythotrephes.Rd:8-13: Only 4 columns allowed in this table (row 3 has 2)
checkRd: (-1) bythotrephes.Rd:8-13: Only 4 columns allowed in this table (row 4 has 2)
checkRd: (-1) gammarus.Rd:8-13: Only 4 columns allowed in this table (row 1 has 2)
checkRd: (-1) gammarus.Rd:8-13: Only 4 columns allowed in this table (row 2 has 2)
checkRd: (-1) gammarus.Rd:8-13: Only 4 columns allowed in this table (row 3 has 2)
checkRd: (-1) gammarus.Rd:8-13: Only 4 columns allowed in this table (row 4 has 2)
Flavors: r-devel-linux-x86_64-debian-clang, r-devel-linux-x86_64-debian-gcc, r-devel-linux-x86_64-fedora-clang, r-devel-linux-x86_64-fedora-gcc