CRAN Package Check Results for Package frbinom

Last updated on 2025-05-28 06:51:26 CEST.

Flavor Version Tinstall Tcheck Ttotal Status Flags
r-devel-linux-x86_64-debian-clang 1.0.0 2.07 21.21 23.28 NOTE
r-devel-linux-x86_64-debian-gcc 1.0.0 1.51 16.94 18.45 NOTE
r-devel-linux-x86_64-fedora-clang 1.0.0 34.02 OK
r-devel-linux-x86_64-fedora-gcc 1.0.0 33.37 OK
r-devel-windows-x86_64 1.0.0 4.00 41.00 45.00 OK
r-patched-linux-x86_64 1.0.0 2.02 19.66 21.68 OK
r-release-linux-x86_64 1.0.0 2.13 19.37 21.50 OK
r-release-macos-arm64 1.0.0 15.00 OK
r-release-macos-x86_64 1.0.0 29.00 OK
r-release-windows-x86_64 1.0.0 4.00 42.00 46.00 OK
r-oldrel-macos-arm64 1.0.0 16.00 OK
r-oldrel-macos-x86_64 1.0.0 20.00 OK
r-oldrel-windows-x86_64 1.0.0 3.00 45.00 48.00 OK

Check Details

Version: 1.0.0
Check: CRAN incoming feasibility
Result: NOTE Maintainer: ‘Jeonghwa Lee <leejeonghwa5@gmail.com>’ The Description field contains distributions. (Lee, J. (2023) <arXiv:2209.01516>.) Please refer to arXiv e-prints via their arXiv DOI <doi:10.48550/arXiv.YYMM.NNNNN>. Flavors: r-devel-linux-x86_64-debian-clang, r-devel-linux-x86_64-debian-gcc

mirror server hosted at Truenetwork, Russian Federation.