Last updated on 2025-11-03 23:50:18 CET.
| Flavor | Version | Tinstall | Tcheck | Ttotal | Status | Flags | 
|---|---|---|---|---|---|---|
| r-devel-linux-x86_64-debian-clang | 1.0.0 | 2.56 | 26.67 | 29.23 | NOTE | |
| r-devel-linux-x86_64-debian-gcc | 1.0.0 | 2.01 | 20.65 | 22.66 | NOTE | |
| r-devel-linux-x86_64-fedora-clang | 1.0.0 | 43.11 | NOTE | |||
| r-devel-linux-x86_64-fedora-gcc | 1.0.0 | 41.14 | NOTE | |||
| r-devel-windows-x86_64 | 1.0.0 | 4.00 | 53.00 | 57.00 | NOTE | |
| r-patched-linux-x86_64 | 1.0.0 | 2.40 | 25.54 | 27.94 | NOTE | |
| r-release-linux-x86_64 | 1.0.0 | 2.19 | 25.45 | 27.64 | NOTE | |
| r-release-macos-arm64 | 1.0.0 | 2.00 | 22.00 | 24.00 | NOTE | |
| r-release-macos-x86_64 | 1.0.0 | 2.00 | 27.00 | 29.00 | NOTE | |
| r-release-windows-x86_64 | 1.0.0 | 4.00 | 49.00 | 53.00 | NOTE | |
| r-oldrel-macos-arm64 | 1.0.0 | 1.00 | 15.00 | 16.00 | NOTE | |
| r-oldrel-macos-x86_64 | 1.0.0 | 2.00 | 22.00 | 24.00 | NOTE | |
| r-oldrel-windows-x86_64 | 1.0.0 | 5.00 | 54.00 | 59.00 | NOTE | 
Version: 1.0.0
Check: Rd files
Result: NOTE
  checkRd: (-1) Spec_compare_localize_freq.Rd:49: Escaped LaTeX specials: \&
  checkRd: (-1) Spec_compare_localize_freq.Rd:52: Escaped LaTeX specials: \&
Flavors: r-devel-linux-x86_64-debian-clang, r-devel-linux-x86_64-debian-gcc, r-devel-linux-x86_64-fedora-clang, r-devel-linux-x86_64-fedora-gcc, r-devel-windows-x86_64, r-patched-linux-x86_64, r-release-linux-x86_64, r-release-macos-arm64, r-release-macos-x86_64, r-release-windows-x86_64, r-oldrel-macos-arm64, r-oldrel-macos-x86_64, r-oldrel-windows-x86_64
Version: 1.0.0
Check: LazyData
Result: NOTE
    'LazyData' is specified without a 'data' directory
Flavors: r-oldrel-macos-arm64, r-oldrel-macos-x86_64, r-oldrel-windows-x86_64