Last updated on 2025-02-22 11:51:27 CET.
Flavor | Version | Tinstall | Tcheck | Ttotal | Status | Flags |
---|---|---|---|---|---|---|
r-devel-linux-x86_64-debian-clang | 0.0.1 | 1.41 | 17.89 | 19.30 | OK | |
r-devel-linux-x86_64-debian-gcc | 0.0.1 | 1.35 | 14.59 | 15.94 | OK | |
r-devel-linux-x86_64-fedora-clang | 0.0.1 | 32.49 | OK | |||
r-devel-linux-x86_64-fedora-gcc | 0.0.1 | 29.80 | OK | |||
r-devel-macos-arm64 | 0.0.1 | 13.00 | OK | |||
r-devel-macos-x86_64 | 0.0.1 | 29.00 | OK | |||
r-devel-windows-x86_64 | 0.0.1 | 2.00 | 46.00 | 48.00 | OK | |
r-patched-linux-x86_64 | 0.0.1 | 1.56 | 17.56 | 19.12 | NOTE | |
r-release-linux-x86_64 | 0.0.1 | 1.48 | 17.14 | 18.62 | NOTE | |
r-release-macos-arm64 | 0.0.1 | 16.00 | NOTE | |||
r-release-macos-x86_64 | 0.0.1 | 24.00 | NOTE | |||
r-release-windows-x86_64 | 0.0.1 | 2.00 | 53.00 | 55.00 | NOTE | |
r-oldrel-macos-arm64 | 0.0.1 | 17.00 | NOTE | |||
r-oldrel-macos-x86_64 | 0.0.1 | 22.00 | NOTE | |||
r-oldrel-windows-x86_64 | 0.0.1 | 3.00 | 44.00 | 47.00 | NOTE |
Version: 0.0.1
Check: LazyData
Result: NOTE
'LazyData' is specified without a 'data' directory
Flavors: r-patched-linux-x86_64, r-release-linux-x86_64, r-release-macos-arm64, r-release-macos-x86_64, r-release-windows-x86_64, r-oldrel-macos-arm64, r-oldrel-macos-x86_64, r-oldrel-windows-x86_64