CRAN Package Check Results for Package fwsim

Last updated on 2025-11-24 11:50:07 CET.

Flavor Version Tinstall Tcheck Ttotal Status Flags
r-devel-linux-x86_64-debian-clang 0.3.4 31.03 28.74 59.77 NOTE
r-devel-linux-x86_64-debian-gcc 0.3.4 20.79 22.71 43.50 NOTE
r-devel-linux-x86_64-fedora-clang 0.3.4 109.00 -3.22 105.78 NOTE
r-devel-linux-x86_64-fedora-gcc 0.3.4 70.00 25.60 95.60 NOTE
r-devel-windows-x86_64 0.3.4 37.00 64.00 101.00 NOTE
r-patched-linux-x86_64 0.3.4 29.67 27.47 57.14 NOTE
r-release-linux-x86_64 0.3.4 28.65 26.85 55.50 NOTE
r-release-macos-arm64 0.3.4 NOTE
r-release-macos-x86_64 0.3.4 12.00 26.00 38.00 NOTE
r-release-windows-x86_64 0.3.4 37.00 74.00 111.00 NOTE
r-oldrel-macos-arm64 0.3.4 NOTE
r-oldrel-macos-x86_64 0.3.4 12.00 22.00 34.00 NOTE
r-oldrel-windows-x86_64 0.3.4 32.00 72.00 104.00 NOTE

Check Details

Version: 0.3.4
Check: CRAN incoming feasibility
Result: NOTE Maintainer: ‘Mikkel Meyer Andersen <mikl@math.aau.dk>’ No Authors@R field in DESCRIPTION. Please add one, modifying Authors@R: c(person(given = c("Mikkel", "Meyer"), family = "Andersen", role = c("aut", "cre"), email = "mikl@math.aau.dk"), person(given = c("Poul", "Svante"), family = "Eriksen", role = "aut")) as necessary. Flavors: r-devel-linux-x86_64-debian-clang, r-devel-linux-x86_64-debian-gcc

Version: 0.3.4
Check: C++ specification
Result: NOTE Specified C++11: please drop specification unless essential Flavors: r-devel-linux-x86_64-debian-clang, r-devel-linux-x86_64-debian-gcc, r-devel-linux-x86_64-fedora-clang, r-devel-linux-x86_64-fedora-gcc, r-devel-windows-x86_64, r-patched-linux-x86_64, r-release-linux-x86_64, r-release-macos-arm64, r-release-macos-x86_64, r-release-windows-x86_64, r-oldrel-macos-arm64, r-oldrel-macos-x86_64, r-oldrel-windows-x86_64

mirror server hosted at Truenetwork, Russian Federation.