CRAN Package Check Results for Package gLRTH

Last updated on 2025-11-24 11:50:08 CET.

Flavor Version Tinstall Tcheck Ttotal Status Flags
r-devel-linux-x86_64-debian-clang 0.2.0 1.60 20.51 22.11 OK
r-devel-linux-x86_64-debian-gcc 0.2.0 1.40 16.90 18.30 OK
r-devel-linux-x86_64-fedora-clang 0.2.0 32.58 OK
r-devel-linux-x86_64-fedora-gcc 0.2.0 30.22 OK
r-devel-windows-x86_64 0.2.0 3.00 43.00 46.00 OK
r-patched-linux-x86_64 0.2.0 1.57 19.27 20.84 OK
r-release-linux-x86_64 0.2.0 1.78 19.16 20.94 OK
r-release-macos-arm64 0.2.0 OK
r-release-macos-x86_64 0.2.0 1.00 25.00 26.00 OK
r-release-windows-x86_64 0.2.0 4.00 55.00 59.00 OK
r-oldrel-macos-arm64 0.2.0 NOTE
r-oldrel-macos-x86_64 0.2.0 1.00 19.00 20.00 NOTE
r-oldrel-windows-x86_64 0.2.0 3.00 46.00 49.00 NOTE

Check Details

Version: 0.2.0
Check: LazyData
Result: NOTE 'LazyData' is specified without a 'data' directory Flavors: r-oldrel-macos-arm64, r-oldrel-macos-x86_64, r-oldrel-windows-x86_64

mirror server hosted at Truenetwork, Russian Federation.