Last updated on 2025-11-24 11:50:08 CET.
| Flavor | Version | Tinstall | Tcheck | Ttotal | Status | Flags |
|---|---|---|---|---|---|---|
| r-devel-linux-x86_64-debian-clang | 0.2 | 3.58 | 32.64 | 36.22 | NOTE | |
| r-devel-linux-x86_64-debian-gcc | 0.2 | 2.98 | 25.69 | 28.67 | NOTE | |
| r-devel-linux-x86_64-fedora-clang | 0.2 | 10.00 | 45.84 | 55.84 | OK | |
| r-devel-linux-x86_64-fedora-gcc | 0.2 | 51.09 | OK | |||
| r-devel-windows-x86_64 | 0.2 | 5.00 | 49.00 | 54.00 | OK | |
| r-patched-linux-x86_64 | 0.2 | 3.01 | 30.77 | 33.78 | OK | |
| r-release-linux-x86_64 | 0.2 | 3.70 | 30.88 | 34.58 | OK | |
| r-release-macos-arm64 | 0.2 | OK | ||||
| r-release-macos-x86_64 | 0.2 | 3.00 | 31.00 | 34.00 | OK | |
| r-release-windows-x86_64 | 0.2 | 5.00 | 59.00 | 64.00 | OK | |
| r-oldrel-macos-arm64 | 0.2 | OK | ||||
| r-oldrel-macos-x86_64 | 0.2 | 3.00 | 26.00 | 29.00 | OK | |
| r-oldrel-windows-x86_64 | 0.2 | 6.00 | 58.00 | 64.00 | OK |
Version: 0.2
Check: CRAN incoming feasibility
Result: NOTE
Maintainer: ‘Hao Chen <hxchen@ucdavis.edu>’
No Authors@R field in DESCRIPTION.
Please add one, modifying
Authors@R: c(person(given = "Hao",
family = "Chen",
role = c("aut", "cre"),
email = "hxchen@ucdavis.edu"),
person(given = "Jingru",
family = "Zhang",
role = "aut"))
as necessary.
Flavors: r-devel-linux-x86_64-debian-clang, r-devel-linux-x86_64-debian-gcc