CRAN Package Check Results for Package gTestsMulti

Last updated on 2025-07-12 18:49:42 CEST.

Flavor Version Tinstall Tcheck Ttotal Status Flags
r-devel-linux-x86_64-debian-clang 0.1.1 5.58 56.19 61.77 NOTE
r-devel-linux-x86_64-debian-gcc 0.1.1 4.65 42.14 46.79 NOTE
r-devel-linux-x86_64-fedora-clang 0.1.1 92.88 OK
r-devel-linux-x86_64-fedora-gcc 0.1.1 94.56 OK
r-devel-windows-x86_64 0.1.1 7.00 66.00 73.00 OK
r-patched-linux-x86_64 0.1.1 6.18 51.11 57.29 OK
r-release-linux-x86_64 0.1.1 5.45 50.49 55.94 OK
r-release-macos-arm64 0.1.1 38.00 OK
r-release-macos-x86_64 0.1.1 53.00 OK
r-release-windows-x86_64 0.1.1 7.00 65.00 72.00 OK
r-oldrel-macos-arm64 0.1.1 29.00 OK
r-oldrel-macos-x86_64 0.1.1 42.00 OK
r-oldrel-windows-x86_64 0.1.1 9.00 79.00 88.00 OK

Check Details

Version: 0.1.1
Check: CRAN incoming feasibility
Result: NOTE Maintainer: ‘Hoseung Song <hosong@ucdavis.edu>’ The Description field contains data. Song, H. and Chen, H. (2022) <arXiv:2205.13787>. Please refer to arXiv e-prints via their arXiv DOI <doi:10.48550/arXiv.YYMM.NNNNN>. Flavors: r-devel-linux-x86_64-debian-clang, r-devel-linux-x86_64-debian-gcc

mirror server hosted at Truenetwork, Russian Federation.