Last updated on 2025-02-22 11:51:27 CET.
Flavor | Version | Tinstall | Tcheck | Ttotal | Status | Flags |
---|---|---|---|---|---|---|
r-devel-linux-x86_64-debian-clang | 0.0.5 | 4.86 | 76.23 | 81.09 | NOTE | |
r-devel-linux-x86_64-debian-gcc | 0.0.5 | 3.21 | 50.25 | 53.46 | NOTE | |
r-devel-linux-x86_64-fedora-clang | 0.0.5 | 126.56 | NOTE | |||
r-devel-linux-x86_64-fedora-gcc | 0.0.5 | 119.97 | NOTE | |||
r-devel-macos-arm64 | 0.0.5 | 35.00 | NOTE | |||
r-devel-macos-x86_64 | 0.0.5 | 71.00 | NOTE | |||
r-devel-windows-x86_64 | 0.0.5 | 6.00 | 85.00 | 91.00 | NOTE | |
r-patched-linux-x86_64 | 0.0.5 | 4.69 | 71.19 | 75.88 | NOTE | |
r-release-linux-x86_64 | 0.0.5 | 4.37 | 68.82 | 73.19 | NOTE | |
r-release-macos-arm64 | 0.0.5 | 35.00 | NOTE | |||
r-release-macos-x86_64 | 0.0.5 | 58.00 | NOTE | |||
r-release-windows-x86_64 | 0.0.5 | 6.00 | 85.00 | 91.00 | NOTE | |
r-oldrel-macos-arm64 | 0.0.5 | 46.00 | OK | |||
r-oldrel-macos-x86_64 | 0.0.5 | 74.00 | OK | |||
r-oldrel-windows-x86_64 | 0.0.5 | 8.00 | 106.00 | 114.00 | OK |
Version: 0.0.5
Check: Rd files
Result: NOTE
checkRd: (-1) min_hpd_inc_area_df.Rd:20: Lost braces in \itemize; \value handles \item{}{} directly
checkRd: (-1) min_hpd_inc_area_df.Rd:21-22: Lost braces in \itemize; \value handles \item{}{} directly
checkRd: (-1) min_hpd_inc_area_df.Rd:23: Lost braces in \itemize; \value handles \item{}{} directly
checkRd: (-1) vza_mean_and_var_rasters.Rd:20: Lost braces
20 | of the paper on Wilson's warbler, this function computes $tilde{T}^{(mu)}$ (returned as
| ^
checkRd: (-1) vza_mean_and_var_rasters.Rd:20: Lost braces; missing escapes or markup?
20 | of the paper on Wilson's warbler, this function computes $tilde{T}^{(mu)}$ (returned as
| ^
checkRd: (-1) vza_mean_and_var_rasters.Rd:21: Lost braces; missing escapes or markup?
21 | list component \code{mean.raster}) and $R^{(sigma^2)}$ (returned as list component
| ^
Flavors: r-devel-linux-x86_64-debian-clang, r-devel-linux-x86_64-debian-gcc, r-devel-linux-x86_64-fedora-clang, r-devel-linux-x86_64-fedora-gcc, r-devel-macos-arm64, r-devel-macos-x86_64, r-devel-windows-x86_64, r-patched-linux-x86_64, r-release-linux-x86_64, r-release-macos-arm64, r-release-macos-x86_64, r-release-windows-x86_64