CRAN Package Check Results for Package gainML

Last updated on 2025-07-13 00:48:26 CEST.

Flavor Version Tinstall Tcheck Ttotal Status Flags
r-devel-linux-x86_64-debian-clang 0.1.0 4.74 59.65 64.39 NOTE
r-devel-linux-x86_64-debian-gcc 0.1.0 3.41 41.79 45.20 NOTE
r-devel-linux-x86_64-fedora-clang 0.1.0 102.44 OK
r-devel-linux-x86_64-fedora-gcc 0.1.0 116.70 OK
r-devel-windows-x86_64 0.1.0 6.00 78.00 84.00 OK
r-patched-linux-x86_64 0.1.0 4.57 56.90 61.47 OK
r-release-linux-x86_64 0.1.0 3.87 55.86 59.73 OK
r-release-macos-arm64 0.1.0 40.00 OK
r-release-macos-x86_64 0.1.0 65.00 OK
r-release-windows-x86_64 0.1.0 6.00 82.00 88.00 OK
r-oldrel-macos-arm64 0.1.0 33.00 OK
r-oldrel-macos-x86_64 0.1.0 52.00 OK
r-oldrel-windows-x86_64 0.1.0 7.00 92.00 99.00 OK

Check Details

Version: 0.1.0
Check: CRAN incoming feasibility
Result: NOTE Maintainer: ‘Hoon Hwangbo <hhwangb1@utk.edu>’ The Description field contains Hwangbo, Y. Ding, and D. Cabezon (2019) <arXiv:1906.05776>. Please refer to arXiv e-prints via their arXiv DOI <doi:10.48550/arXiv.YYMM.NNNNN>. Flavors: r-devel-linux-x86_64-debian-clang, r-devel-linux-x86_64-debian-gcc

mirror server hosted at Truenetwork, Russian Federation.