CRAN Package Check Results for Package galts

Last updated on 2025-07-13 00:48:26 CEST.

Flavor Version Tinstall Tcheck Ttotal Status Flags
r-devel-linux-x86_64-debian-clang 1.3.2 1.88 20.99 22.87 NOTE
r-devel-linux-x86_64-debian-gcc 1.3.2 1.42 17.31 18.73 NOTE
r-devel-linux-x86_64-fedora-clang 1.3.2 35.27 OK
r-devel-linux-x86_64-fedora-gcc 1.3.2 34.86 OK
r-devel-windows-x86_64 1.3.2 2.00 41.00 43.00 OK
r-patched-linux-x86_64 1.3.2 1.87 19.81 21.68 OK
r-release-linux-x86_64 1.3.2 1.86 19.67 21.53 OK
r-release-macos-arm64 1.3.2 16.00 OK
r-release-macos-x86_64 1.3.2 30.00 OK
r-release-windows-x86_64 1.3.2 3.00 45.00 48.00 OK
r-oldrel-macos-arm64 1.3.2 14.00 OK
r-oldrel-macos-x86_64 1.3.2 23.00 OK
r-oldrel-windows-x86_64 1.3.2 3.00 44.00 47.00 OK

Check Details

Version: 1.3.2
Check: CRAN incoming feasibility
Result: NOTE Maintainer: ‘Mehmet Hakan Satman <mhsatman@istanbul.edu.tr>’ No Authors@R field in DESCRIPTION. Please add one, modifying Authors@R: person(given = c("Mehmet", "Hakan"), family = "Satman", role = c("aut", "cre"), email = "mhsatman@istanbul.edu.tr") as necessary. Flavors: r-devel-linux-x86_64-debian-clang, r-devel-linux-x86_64-debian-gcc

mirror server hosted at Truenetwork, Russian Federation.