Last updated on 2025-11-03 23:50:18 CET.
| Flavor | Version | Tinstall | Tcheck | Ttotal | Status | Flags | 
|---|---|---|---|---|---|---|
| r-devel-linux-x86_64-debian-clang | 1.0-2 | 1.65 | 69.89 | 71.54 | NOTE | |
| r-devel-linux-x86_64-debian-gcc | 1.0-2 | 1.32 | 50.96 | 52.28 | NOTE | |
| r-devel-linux-x86_64-fedora-clang | 1.0-2 | 110.95 | OK | |||
| r-devel-linux-x86_64-fedora-gcc | 1.0-2 | 107.28 | OK | |||
| r-devel-windows-x86_64 | 1.0-2 | 5.00 | 106.00 | 111.00 | OK | |
| r-patched-linux-x86_64 | 1.0-2 | 2.43 | 70.15 | 72.58 | OK | |
| r-release-linux-x86_64 | 1.0-2 | 1.65 | 67.36 | 69.01 | OK | |
| r-release-macos-arm64 | 1.0-2 | 1.00 | 41.00 | 42.00 | OK | |
| r-release-macos-x86_64 | 1.0-2 | 2.00 | 109.00 | 111.00 | OK | |
| r-release-windows-x86_64 | 1.0-2 | 3.00 | 104.00 | 107.00 | OK | |
| r-oldrel-macos-arm64 | 1.0-2 | 1.00 | 35.00 | 36.00 | OK | |
| r-oldrel-macos-x86_64 | 1.0-2 | 1.00 | 93.00 | 94.00 | OK | |
| r-oldrel-windows-x86_64 | 1.0-2 | 3.00 | 126.00 | 129.00 | OK | 
Version: 1.0-2
Check: CRAN incoming feasibility
Result: NOTE
  Maintainer: ‘Simon Wood <simon.wood@r-project.org>’
  
  No Authors@R field in DESCRIPTION.
  Please add one, modifying
    Authors@R: person(given = "Simon",
                      family = "Wood",
                      role = c("aut", "cre"),
                      email = "simon.wood@r-project.org")
  as necessary.
  
  Package CITATION file contains call(s) to old-style citEntry().  Please
  use bibentry() instead.
Flavors: r-devel-linux-x86_64-debian-clang, r-devel-linux-x86_64-debian-gcc