CRAN Package Check Results for Package gamlss.ggplots

Last updated on 2025-02-22 11:51:27 CET.

Flavor Version Tinstall Tcheck Ttotal Status Flags
r-devel-linux-x86_64-debian-clang 2.1-12 21.45 179.87 201.32 NOTE
r-devel-linux-x86_64-debian-gcc 2.1-12 14.33 122.35 136.68 NOTE
r-devel-linux-x86_64-fedora-clang 2.1-12 322.64 NOTE
r-devel-linux-x86_64-fedora-gcc 2.1-12 300.47 NOTE
r-devel-macos-arm64 2.1-12 84.00 OK
r-devel-macos-x86_64 2.1-12 182.00 NOTE
r-devel-windows-x86_64 2.1-12 22.00 173.00 195.00 NOTE
r-patched-linux-x86_64 2.1-12 25.63 166.80 192.43 OK
r-release-linux-x86_64 2.1-12 20.83 167.34 188.17 OK
r-release-macos-arm64 2.1-12 78.00 OK
r-release-macos-x86_64 2.1-12 165.00 OK
r-release-windows-x86_64 2.1-12 23.00 171.00 194.00 OK
r-oldrel-macos-arm64 2.1-12 78.00 OK
r-oldrel-macos-x86_64 2.1-12 195.00 OK
r-oldrel-windows-x86_64 2.1-12 29.00 219.00 248.00 OK

Check Details

Version: 2.1-12
Check: DESCRIPTION meta-information
Result: NOTE Missing dependency on R >= 4.1.0 because package code uses the pipe |> or function shorthand \(...) syntax added in R 4.1.0. File(s) using such syntax: ‘Bucket_plot.R’ Flavors: r-devel-linux-x86_64-debian-clang, r-devel-linux-x86_64-debian-gcc, r-devel-linux-x86_64-fedora-clang, r-devel-linux-x86_64-fedora-gcc, r-devel-macos-x86_64, r-devel-windows-x86_64

Version: 2.1-12
Check: Rd cross-references
Result: NOTE Found the following Rd file(s) with Rd \link{} targets missing package anchors: family_pdf.Rd: gamlss fitted_cdf.Rd: gamlss fitted_devianceIncr.Rd: gamlss model_pca.Rd: gamlss resid_plot.Rd: gamlss, plot.gamlss Please provide package anchors for all Rd \link{} targets not in the package itself and the base packages. Flavors: r-devel-linux-x86_64-debian-clang, r-devel-linux-x86_64-debian-gcc, r-devel-windows-x86_64

mirror server hosted at Truenetwork, Russian Federation.