Last updated on 2025-07-13 06:48:25 CEST.
Flavor | Version | Tinstall | Tcheck | Ttotal | Status | Flags |
---|---|---|---|---|---|---|
r-devel-linux-x86_64-debian-clang | 5.1-9 | 8.36 | 60.80 | 69.16 | NOTE | |
r-devel-linux-x86_64-debian-gcc | 5.1-9 | 6.19 | 44.75 | 50.94 | NOTE | |
r-devel-linux-x86_64-fedora-clang | 5.1-9 | 103.02 | OK | |||
r-devel-linux-x86_64-fedora-gcc | 5.1-9 | 106.48 | OK | |||
r-devel-windows-x86_64 | 5.1-9 | 9.00 | 74.00 | 83.00 | OK | |
r-patched-linux-x86_64 | 5.1-9 | 7.69 | 57.89 | 65.58 | OK | |
r-release-linux-x86_64 | 5.1-9 | 6.16 | 59.51 | 65.67 | OK | |
r-release-macos-arm64 | 5.1-9 | 34.00 | OK | |||
r-release-macos-x86_64 | 5.1-9 | 57.00 | OK | |||
r-release-windows-x86_64 | 5.1-9 | 8.00 | 78.00 | 86.00 | OK | |
r-oldrel-macos-arm64 | 5.1-9 | 32.00 | OK | |||
r-oldrel-macos-x86_64 | 5.1-9 | 46.00 | OK | |||
r-oldrel-windows-x86_64 | 5.1-9 | 11.00 | 90.00 | 101.00 | OK |
Version: 5.1-9
Check: CRAN incoming feasibility
Result: NOTE
Maintainer: ‘Mikis Stasinopoulos <d.stasinopoulos@gre.ac.uk>’
No Authors@R field in DESCRIPTION.
Please add one, modifying
Authors@R: c(person(given = "Mikis",
family = "Stasinopoulos",
role = c("aut", "cre"),
email = "d.stasinopoulos@gre.ac.uk"),
person(given = "Bob",
family = "Rigby",
role = "aut",
email = "r.rigby@gre.ac.uk"))
as necessary.
Flavors: r-devel-linux-x86_64-debian-clang, r-devel-linux-x86_64-debian-gcc