Last updated on 2024-06-29 12:48:16 CEST.
Flavor | Version | Tinstall | Tcheck | Ttotal | Status | Flags |
---|---|---|---|---|---|---|
r-devel-linux-x86_64-debian-clang | 0.7.0 | 454.14 | 171.33 | 625.47 | OK | |
r-devel-linux-x86_64-debian-gcc | 0.7.0 | 355.00 | 130.04 | 485.04 | OK | |
r-devel-linux-x86_64-fedora-clang | 0.7.0 | 820.72 | NOTE | |||
r-devel-linux-x86_64-fedora-gcc | 0.7.0 | 981.86 | OK | |||
r-devel-windows-x86_64 | 0.7.0 | 331.00 | 687.00 | 1018.00 | NOTE | |
r-patched-linux-x86_64 | 0.7.0 | 405.89 | 164.10 | 569.99 | OK | |
r-release-linux-x86_64 | 0.7.0 | 419.34 | 167.51 | 586.85 | OK | |
r-release-macos-arm64 | 0.7.0 | 204.00 | NOTE | |||
r-release-macos-x86_64 | 0.7.0 | 268.00 | NOTE | |||
r-release-windows-x86_64 | 0.7.0 | 335.00 | 718.00 | 1053.00 | NOTE | |
r-oldrel-macos-arm64 | 0.7.0 | 263.00 | NOTE | |||
r-oldrel-macos-x86_64 | 0.7.0 | 392.00 | NOTE | |||
r-oldrel-windows-x86_64 | 0.7.0 | 347.00 | 816.00 | 1163.00 | NOTE |
Version: 0.7.0
Check: installed package size
Result: NOTE
installed size is 7.2Mb
sub-directories of 1Mb or more:
L8NY18 2.3Mb
libs 3.6Mb
Flavors: r-devel-linux-x86_64-fedora-clang, r-devel-windows-x86_64, r-release-macos-arm64, r-release-macos-x86_64, r-release-windows-x86_64, r-oldrel-macos-arm64, r-oldrel-macos-x86_64, r-oldrel-windows-x86_64