Last updated on 2025-11-04 05:51:12 CET.
| Flavor | Version | Tinstall | Tcheck | Ttotal | Status | Flags | 
|---|---|---|---|---|---|---|
| r-devel-linux-x86_64-debian-clang | 0.7.3 | 3.34 | 33.77 | 37.11 | NOTE | |
| r-devel-linux-x86_64-debian-gcc | 0.7.3 | 2.62 | 28.23 | 30.85 | NOTE | |
| r-devel-linux-x86_64-fedora-clang | 0.7.3 | 15.00 | 43.71 | 58.71 | OK | |
| r-devel-linux-x86_64-fedora-gcc | 0.7.3 | 15.00 | 39.93 | 54.93 | OK | |
| r-devel-windows-x86_64 | 0.7.3 | 6.00 | 51.00 | 57.00 | OK | |
| r-patched-linux-x86_64 | 0.7.3 | 3.47 | 31.42 | 34.89 | OK | |
| r-release-linux-x86_64 | 0.7.3 | 3.34 | 31.32 | 34.66 | OK | |
| r-release-macos-arm64 | 0.7.3 | 2.00 | 20.00 | 22.00 | OK | |
| r-release-macos-x86_64 | 0.7.3 | 3.00 | 37.00 | 40.00 | OK | |
| r-release-windows-x86_64 | 0.7.3 | 6.00 | 50.00 | 56.00 | OK | |
| r-oldrel-macos-arm64 | 0.7.3 | 1.00 | 16.00 | 17.00 | OK | |
| r-oldrel-macos-x86_64 | 0.7.3 | 2.00 | 29.00 | 31.00 | OK | |
| r-oldrel-windows-x86_64 | 0.7.3 | 6.00 | 59.00 | 65.00 | OK | 
Version: 0.7.3
Check: CRAN incoming feasibility
Result: NOTE
  Maintainer: ‘Michael Friendly <friendly@yorku.ca>’
  
  No Authors@R field in DESCRIPTION.
  Please add one, modifying
    Authors@R: c(person(given = "Georges",
                        family = "Monette",
                        role = "aut"),
                 person(given = "Michael",
                        family = "Friendly",
                        role = c("aut", "cre"),
                        email = "friendly@yorku.ca"))
  as necessary.
Flavors: r-devel-linux-x86_64-debian-clang, r-devel-linux-x86_64-debian-gcc