Last updated on 2025-05-25 00:50:02 CEST.
Flavor | Version | Tinstall | Tcheck | Ttotal | Status | Flags |
---|---|---|---|---|---|---|
r-devel-linux-x86_64-debian-clang | 1.1.1 | 5.02 | 46.46 | 51.48 | NOTE | |
r-devel-linux-x86_64-debian-gcc | 1.1.1 | 3.08 | 35.71 | 38.79 | NOTE | |
r-devel-linux-x86_64-fedora-clang | 1.1.1 | 81.81 | OK | |||
r-devel-linux-x86_64-fedora-gcc | 1.1.1 | 89.43 | OK | |||
r-devel-windows-x86_64 | 1.1.1 | 8.00 | 135.00 | 143.00 | OK | |
r-patched-linux-x86_64 | 1.1.1 | 4.76 | 44.20 | 48.96 | OK | |
r-release-linux-x86_64 | 1.1.1 | 4.70 | 44.15 | 48.85 | OK | |
r-release-macos-arm64 | 1.1.1 | 53.00 | OK | |||
r-release-macos-x86_64 | 1.1.1 | 72.00 | OK | |||
r-release-windows-x86_64 | 1.1.1 | 6.00 | 83.00 | 89.00 | OK | |
r-oldrel-macos-arm64 | 1.1.1 | 33.00 | OK | |||
r-oldrel-macos-x86_64 | 1.1.1 | 49.00 | OK | |||
r-oldrel-windows-x86_64 | 1.1.1 | 7.00 | 89.00 | 96.00 | OK |
Version: 1.1.1
Check: CRAN incoming feasibility
Result: NOTE
Maintainer: ‘Luisa Salazar Vizcaya <luisapaola.salazarvizcaya@insel.ch>’
No Authors@R field in DESCRIPTION.
Please add one, modifying
Authors@R: c(person(given = c("Luisa", "Salazar"),
family = "Vizcaya",
role = c("aut", "cre"),
email = "luisapaola.salazarvizcaya@insel.ch"),
person(given = "Nello",
family = "Blaser",
role = "aut"),
person(given = "Thomas",
family = "Gsponer",
role = "aut"))
as necessary.
Package CITATION file contains call(s) to old-style personList() or
as.personList(). Please use c() on person objects instead.
Package CITATION file contains call(s) to old-style citEntry(). Please
use bibentry() instead.
Flavors: r-devel-linux-x86_64-debian-clang, r-devel-linux-x86_64-debian-gcc