Last updated on 2025-05-28 06:51:27 CEST.
Flavor | Version | Tinstall | Tcheck | Ttotal | Status | Flags |
---|---|---|---|---|---|---|
r-devel-linux-x86_64-debian-clang | 0.6.0 | 3.62 | 42.99 | 46.61 | NOTE | |
r-devel-linux-x86_64-debian-gcc | 0.6.0 | 2.93 | 31.95 | 34.88 | NOTE | |
r-devel-linux-x86_64-fedora-clang | 0.6.0 | 75.26 | OK | |||
r-devel-linux-x86_64-fedora-gcc | 0.6.0 | 88.54 | OK | |||
r-devel-windows-x86_64 | 0.6.0 | 6.00 | 59.00 | 65.00 | OK | |
r-patched-linux-x86_64 | 0.6.0 | 3.97 | 38.51 | 42.48 | OK | |
r-release-linux-x86_64 | 0.6.0 | 3.94 | 38.80 | 42.74 | OK | |
r-release-macos-arm64 | 0.6.0 | 41.00 | OK | |||
r-release-macos-x86_64 | 0.6.0 | 57.00 | OK | |||
r-release-windows-x86_64 | 0.6.0 | 5.00 | 59.00 | 64.00 | OK | |
r-oldrel-macos-arm64 | 0.6.0 | 32.00 | NOTE | |||
r-oldrel-macos-x86_64 | 0.6.0 | 45.00 | NOTE | |||
r-oldrel-windows-x86_64 | 0.6.0 | 6.00 | 70.00 | 76.00 | NOTE |
Version: 0.6.0
Check: CRAN incoming feasibility
Result: NOTE
Maintainer: ‘Lincoln Mullen <lincoln@lincolnmullen.com>’
Package CITATION file contains call(s) to old-style personList() or
as.personList(). Please use c() on person objects instead.
Package CITATION file contains call(s) to old-style citEntry(). Please
use bibentry() instead.
Flavors: r-devel-linux-x86_64-debian-clang, r-devel-linux-x86_64-debian-gcc
Version: 0.6.0
Check: package dependencies
Result: NOTE
Package suggested but not available for checking: ‘genderdata’
Flavors: r-oldrel-macos-arm64, r-oldrel-macos-x86_64, r-oldrel-windows-x86_64