Last updated on 2025-05-22 18:52:06 CEST.
Flavor | Version | Tinstall | Tcheck | Ttotal | Status | Flags |
---|---|---|---|---|---|---|
r-devel-linux-x86_64-debian-clang | 0.1.10 | 6.45 | 68.60 | 75.05 | OK | |
r-devel-linux-x86_64-debian-gcc | 0.1.10 | 4.70 | 47.67 | 52.37 | OK | |
r-devel-linux-x86_64-fedora-clang | 0.1.10 | 115.01 | OK | |||
r-devel-linux-x86_64-fedora-gcc | 0.1.10 | 109.56 | OK | |||
r-devel-windows-x86_64 | 0.1.10 | 10.00 | 110.00 | 120.00 | OK | |
r-patched-linux-x86_64 | 0.1.10 | 7.25 | 63.52 | 70.77 | OK | |
r-release-linux-x86_64 | 0.1.10 | 7.58 | 63.62 | 71.20 | OK | |
r-release-macos-arm64 | 0.1.10 | 35.00 | OK | |||
r-release-macos-x86_64 | 0.1.10 | 73.00 | OK | |||
r-release-windows-x86_64 | 0.1.10 | 11.00 | 123.00 | 134.00 | OK | |
r-oldrel-macos-arm64 | 0.1.10 | 44.00 | OK | |||
r-oldrel-macos-x86_64 | 0.1.10 | 88.00 | NOTE | |||
r-oldrel-windows-x86_64 | 0.1.10 | 14.00 | 106.00 | 120.00 | OK |
Version: 0.1.10
Check: package dependencies
Result: NOTE
Package suggested but not available for checking: ‘pwalign’
Flavor: r-oldrel-macos-x86_64