Last updated on 2025-05-23 12:49:29 CEST.
Flavor | Version | Tinstall | Tcheck | Ttotal | Status | Flags |
---|---|---|---|---|---|---|
r-devel-linux-x86_64-debian-clang | 1.0.2.2 | 13.27 | 101.85 | 115.12 | NOTE | |
r-devel-linux-x86_64-debian-gcc | 1.0.2.2 | 9.56 | 72.68 | 82.24 | NOTE | |
r-devel-linux-x86_64-fedora-clang | 1.0.2.2 | 189.51 | OK | |||
r-devel-linux-x86_64-fedora-gcc | 1.0.2.2 | 196.70 | OK | |||
r-devel-windows-x86_64 | 1.0.2.2 | 20.00 | 150.00 | 170.00 | OK | |
r-patched-linux-x86_64 | 1.0.2.2 | 15.03 | 97.19 | 112.22 | OK | |
r-release-linux-x86_64 | 1.0.2.2 | 14.23 | 97.26 | 111.49 | OK | |
r-release-macos-arm64 | 1.0.2.2 | 71.00 | OK | |||
r-release-macos-x86_64 | 1.0.2.2 | 179.00 | OK | |||
r-release-windows-x86_64 | 1.0.2.2 | 22.00 | 149.00 | 171.00 | OK | |
r-oldrel-macos-arm64 | 1.0.2.2 | 62.00 | OK | |||
r-oldrel-macos-x86_64 | 1.0.2.2 | 108.00 | OK | |||
r-oldrel-windows-x86_64 | 1.0.2.2 | 26.00 | 168.00 | 194.00 | OK |
Version: 1.0.2.2
Check: CRAN incoming feasibility
Result: NOTE
Maintainer: ‘Shiqing Yu <syu.phd@gmail.com>’
No Authors@R field in DESCRIPTION.
Please add one, modifying
Authors@R: c(person(given = "Shiqing",
family = "Yu",
role = c("aut", "cre"),
email = "syu.phd@gmail.com"),
person(given = "Lina",
family = "Lin",
role = "aut"),
person(given = "Wally",
family = "Gilks",
role = "aut"))
as necessary.
Flavors: r-devel-linux-x86_64-debian-clang, r-devel-linux-x86_64-debian-gcc